CRAN Package Check Results for Package rstanemax

Last updated on 2022-10-06 03:58:41 CEST.

Flavor Version Tinstall Tcheck Ttotal Status Flags
r-devel-linux-x86_64-debian-clang 0.1.3 126.43 168.23 294.66 NOTE
r-devel-linux-x86_64-debian-gcc 0.1.3 110.58 129.01 239.59 NOTE
r-devel-linux-x86_64-fedora-clang 0.1.3 367.92 NOTE
r-devel-linux-x86_64-fedora-gcc 0.1.3 395.04 NOTE
r-devel-windows-x86_64 0.1.3 97.00 223.00 320.00 NOTE
r-patched-linux-x86_64 0.1.3 102.01 168.12 270.13 NOTE
r-release-linux-x86_64 0.1.3 89.30 167.07 256.37 NOTE
r-release-macos-arm64 0.1.3 101.00 NOTE
r-release-macos-x86_64 0.1.3 174.00 NOTE
r-release-windows-x86_64 0.1.3 102.00 220.00 322.00 NOTE
r-oldrel-macos-arm64 0.1.3 153.00 NOTE
r-oldrel-macos-x86_64 0.1.3 145.00 NOTE
r-oldrel-windows-ix86+x86_64 0.1.3 275.00 296.00 571.00 NOTE

Check Details

Version: 0.1.3
Check: for GNU extensions in Makefiles
Result: NOTE
    GNU make is a SystemRequirements.
Flavors: r-devel-linux-x86_64-debian-clang, r-devel-linux-x86_64-debian-gcc, r-devel-linux-x86_64-fedora-clang, r-devel-linux-x86_64-fedora-gcc, r-devel-windows-x86_64, r-patched-linux-x86_64, r-release-linux-x86_64, r-release-macos-arm64, r-release-macos-x86_64, r-release-windows-x86_64, r-oldrel-macos-arm64, r-oldrel-macos-x86_64, r-oldrel-windows-ix86+x86_64

Version: 0.1.3
Check: installed package size
Result: NOTE
     installed size is 34.1Mb
     sub-directories of 1Mb or more:
     libs 33.5Mb
Flavors: r-release-macos-arm64, r-release-macos-x86_64, r-oldrel-macos-arm64, r-oldrel-macos-x86_64