CRAN Package Check Results for Package rstanarm

Last updated on 2020-09-30 15:48:08 CEST.

Flavor Version Tinstall Tcheck Ttotal Status Flags
r-devel-linux-x86_64-debian-clang 2.21.1 1623.57 572.85 2196.42 NOTE
r-devel-linux-x86_64-debian-gcc 2.21.1 983.75 466.30 1450.05 NOTE
r-devel-linux-x86_64-fedora-clang 2.21.1 2995.45 NOTE
r-devel-linux-x86_64-fedora-gcc 2.21.1 2935.29 NOTE
r-devel-windows-ix86+x86_64 2.21.1 337.00 8.00 345.00 ERROR --no-examples --no-tests --no-vignettes
r-patched-linux-x86_64 2.21.1 1186.91 598.63 1785.54 NOTE
r-patched-solaris-x86 2.21.1 2306.50 NOTE
r-release-linux-x86_64 2.21.1 1239.35 601.30 1840.65 NOTE
r-release-macos-x86_64 2.21.1 NOTE
r-release-windows-ix86+x86_64 2.21.1 407.00 10.00 417.00 ERROR --no-examples --no-tests --no-vignettes
r-oldrel-macos-x86_64 2.21.1 FAIL
r-oldrel-windows-ix86+x86_64 2.21.1 2560.00 361.00 2921.00 NOTE --no-examples --no-tests --no-vignettes

Check Details

Version: 2.21.1
Check: for GNU extensions in Makefiles
Result: NOTE
    GNU make is a SystemRequirements.
Flavors: r-devel-linux-x86_64-debian-clang, r-devel-linux-x86_64-debian-gcc, r-devel-linux-x86_64-fedora-clang, r-devel-linux-x86_64-fedora-gcc, r-patched-linux-x86_64, r-patched-solaris-x86, r-release-linux-x86_64, r-release-macos-x86_64, r-oldrel-macos-x86_64

Version: 2.21.1
Check: installed package size
Result: NOTE
     installed size is 258.9Mb
     sub-directories of 1Mb or more:
     R 1.6Mb
     doc 4.5Mb
     libs 252.1Mb
Flavors: r-devel-linux-x86_64-fedora-clang, r-patched-solaris-x86, r-release-macos-x86_64, r-oldrel-macos-x86_64

Version: 2.21.1
Check: dependencies in R code
Result: NOTE
    Namespace in Imports field not imported from: ‘RcppParallel’
     All declared Imports should be used.
Flavors: r-devel-linux-x86_64-fedora-clang, r-devel-linux-x86_64-fedora-gcc, r-patched-solaris-x86, r-release-macos-x86_64, r-oldrel-macos-x86_64

Version: 2.21.1
Check: Rd cross-references
Result: NOTE
    Undeclared packages ‘gamm4’, ‘shiny’, ‘biglm’ in Rd xrefs
Flavor: r-devel-linux-x86_64-fedora-clang

Version: 2.21.1
Flags: --no-examples --no-tests --no-vignettes
Check: whether package can be installed
Result: ERROR
    Installation failed.
Flavors: r-devel-windows-ix86+x86_64, r-release-windows-ix86+x86_64

Version: 2.21.1
Check: examples
Result: ERROR
    Running examples in ‘rstanarm-Ex.R’ failed
    The error most likely occurred in:
    
    > ### Name: example_jm
    > ### Title: Example joint longitudinal and time-to-event model
    > ### Aliases: example_jm
    >
    > ### ** Examples
    >
    > # set.seed(123)
    > if (.Platform$OS.type != "windows" || .Platform$r_arch !="i386")
    + example_jm <-
    + stan_jm(formulaLong = logBili ~ year + (1 | id),
    + dataLong = pbcLong[1:101,],
    + formulaEvent = survival::Surv(futimeYears, death) ~ sex + trt,
    + dataEvent = pbcSurv[1:15,],
    + time_var = "year",
    + # this next line is only to keep the example small in size!
    + chains = 1, seed = 12345, iter = 100, refresh = 0)
    Loading required namespace: data.table
    Fitting a univariate joint model.
    
    Please note the warmup may be much slower than later iterations!
    [1] "Error in sampler$call_sampler(args_list[[i]]) : "
    [2] " empty_nested() must be true before calling recover_memory()"
    error occurred during calling the sampler; sampling not done
    Error in check_stanfit(stanfit) :
     Invalid stanfit object produced please report bug
    Calls: stan_jm -> stan_jm.fit -> check_stanfit
    Execution halted
Flavor: r-oldrel-macos-x86_64

Version: 2.21.1
Check: tests
Result: ERROR
     Running ‘testthat.R’ [15s/39s]
    Running the tests in ‘tests/testthat.R’ failed.
    Last 13 lines of output:
     /Volumes/SSD-Data/Builds/R-dev-web/QA/Simon/packages/el-capitan-x86_64/Rlib/3.6/StanHeaders/include/stan/math/rev/mat/functor/cvodes_integrator.hpp:126:18: warning: unused variable 'coupled_size' [-Wunused-variable]
     const size_t coupled_size = cvodes_data.coupled_ode_.size();
     ^
     make: *** [file296fe2428a.o] Interrupt: 2
     ── 1. Error: (unknown) (@test_stan_functions.R#70) ────────────────────────────
     $ operator is invalid for atomic vectors
     Backtrace:
     1. rstan::expose_stan_functions(stanc_ret, rebuild = TRUE, verbose = TRUE)
    
     ══ testthat results ═══════════════════════════════════════════════════════════
     [ OK: 1 | SKIPPED: 0 | WARNINGS: 0 | FAILED: 1 ]
     1. Error: (unknown) (@test_stan_functions.R#70)
    
     Error: testthat unit tests failed
     Execution halted
Flavor: r-oldrel-macos-x86_64

Version: 2.21.1
Check: for unstated dependencies in vignettes
Result: FAIL
Flavor: r-oldrel-macos-x86_64

Version: 2.21.1
Flags: --no-examples --no-tests --no-vignettes
Check: installed package size
Result: NOTE
     installed size is 24.6Mb
     sub-directories of 1Mb or more:
     R 1.5Mb
     doc 4.5Mb
     libs 18.1Mb
Flavor: r-oldrel-windows-ix86+x86_64

Version: 2.21.1
Flags: --no-examples --no-tests --no-vignettes
Check: for GNU extensions in Makefiles
Result: NOTE
    GNU make is a SystemRequirements.
Flavor: r-oldrel-windows-ix86+x86_64