CRAN Package Check Results for Package rstan

Last updated on 2020-10-28 15:49:23 CET.

Flavor Version Tinstall Tcheck Ttotal Status Flags
r-devel-linux-x86_64-debian-clang 2.21.2 837.00 477.56 1314.56 NOTE
r-devel-linux-x86_64-debian-gcc 2.21.2 820.71 377.72 1198.43 NOTE
r-devel-linux-x86_64-fedora-clang 2.21.2 1756.86 NOTE
r-devel-linux-x86_64-fedora-gcc 2.21.2 2044.35 NOTE
r-devel-windows-ix86+x86_64 2.21.2 1938.00 516.00 2454.00 NOTE
r-patched-linux-x86_64 2.21.2 ERROR
r-patched-solaris-x86 2.21.2 1598.60 NOTE
r-release-linux-x86_64 2.21.2 951.55 500.15 1451.70 NOTE
r-release-macos-x86_64 2.21.2 NOTE
r-release-windows-ix86+x86_64 2.21.2 1451.00 480.00 1931.00 NOTE
r-oldrel-macos-x86_64 2.21.2 NOTE
r-oldrel-windows-ix86+x86_64 2.21.2 1983.00 616.00 2599.00 NOTE

Check Details

Version: 2.21.2
Check: for GNU extensions in Makefiles
Result: NOTE
    GNU make is a SystemRequirements.
Flavors: r-devel-linux-x86_64-debian-clang, r-devel-linux-x86_64-debian-gcc, r-devel-linux-x86_64-fedora-clang, r-devel-linux-x86_64-fedora-gcc, r-devel-windows-ix86+x86_64, r-patched-solaris-x86, r-release-linux-x86_64, r-release-windows-ix86+x86_64, r-oldrel-macos-x86_64, r-oldrel-windows-ix86+x86_64

Version: 2.21.2
Check: installed package size
Result: NOTE
     installed size is 228.7Mb
     sub-directories of 1Mb or more:
     lib 38.6Mb
     libs 187.3Mb
Flavors: r-devel-linux-x86_64-fedora-clang, r-devel-windows-ix86+x86_64, r-patched-solaris-x86, r-release-macos-x86_64, r-release-windows-ix86+x86_64, r-oldrel-macos-x86_64, r-oldrel-windows-ix86+x86_64

Version: 2.21.2
Check: Rd cross-references
Result: NOTE
    Undeclared packages ‘coda’, ‘rstanarm’ in Rd xrefs
Flavor: r-devel-linux-x86_64-fedora-clang

Version: 2.21.2
Check: package dependencies
Result: ERROR
    Package required but not available: ‘V8’
    
    Package suggested but not available for checking: ‘shinystan’
    
    See section ‘The DESCRIPTION file’ in the ‘Writing R Extensions’
    manual.
Flavor: r-patched-linux-x86_64