CRAN Package Check Results for Package rstack

Last updated on 2023-03-26 03:50:23 CEST.

Flavor Version Tinstall Tcheck Ttotal Status Flags
r-devel-linux-x86_64-debian-clang 1.0.0 2.97 22.21 25.18 NOTE
r-devel-linux-x86_64-debian-gcc 1.0.0 1.88 17.60 19.48 NOTE
r-devel-linux-x86_64-fedora-clang 1.0.0 32.89 NOTE
r-devel-linux-x86_64-fedora-gcc 1.0.0 30.36 NOTE
r-patched-linux-x86_64 1.0.0 2.68 21.67 24.35 NOTE
r-release-linux-x86_64 1.0.0 2.01 23.36 25.37 NOTE
r-release-macos-arm64 1.0.0 18.00 NOTE
r-release-macos-x86_64 1.0.0 21.00 NOTE
r-release-windows-x86_64 1.0.0 12.00 67.00 79.00 NOTE
r-oldrel-macos-arm64 1.0.0 16.00 NOTE
r-oldrel-macos-x86_64 1.0.0 27.00 NOTE
r-oldrel-windows-ix86+x86_64 1.0.0 5.00 50.00 55.00 NOTE

Check Details

Version: 1.0.0
Check: LazyData
Result: NOTE
     'LazyData' is specified without a 'data' directory
Flavors: r-devel-linux-x86_64-debian-clang, r-devel-linux-x86_64-debian-gcc, r-devel-linux-x86_64-fedora-clang, r-devel-linux-x86_64-fedora-gcc, r-patched-linux-x86_64, r-release-linux-x86_64, r-release-macos-arm64, r-release-macos-x86_64, r-release-windows-x86_64, r-oldrel-macos-arm64, r-oldrel-macos-x86_64, r-oldrel-windows-ix86+x86_64