Last updated on 2021-04-11 15:47:03 CEST.
Flavor | Version | Tinstall | Tcheck | Ttotal | Status | Flags |
---|---|---|---|---|---|---|
r-devel-linux-x86_64-debian-clang | 0.9.0 | 7.01 | 67.01 | 74.02 | NOTE | |
r-devel-linux-x86_64-debian-gcc | 0.9.0 | 5.33 | 62.24 | 67.57 | NOTE | |
r-devel-linux-x86_64-fedora-clang | 0.9.0 | 112.71 | NOTE | |||
r-devel-linux-x86_64-fedora-gcc | 0.9.0 | 93.55 | NOTE | |||
r-devel-windows-ix86+x86_64 | 0.9.0 | 6.00 | 72.00 | 78.00 | NOTE | |
r-devel-windows-x86_64-gcc10-UCRT | 0.9.0 | NOTE | ||||
r-patched-linux-x86_64 | 0.9.0 | 6.15 | 76.15 | 82.30 | OK | |
r-patched-solaris-x86 | 0.9.0 | 155.30 | OK | |||
r-release-linux-x86_64 | 0.9.0 | 7.06 | 78.75 | 85.81 | OK | |
r-release-macos-x86_64 | 0.9.0 | OK | ||||
r-release-windows-ix86+x86_64 | 0.9.0 | 6.00 | 98.00 | 104.00 | OK | |
r-oldrel-macos-x86_64 | 0.9.0 | OK | ||||
r-oldrel-windows-ix86+x86_64 | 0.9.0 | 6.00 | 76.00 | 82.00 | OK |
Version: 0.9.0
Check: LazyData
Result: NOTE
'LazyData' is specified without a 'data' directory
Flavors: r-devel-linux-x86_64-debian-clang, r-devel-linux-x86_64-debian-gcc, r-devel-linux-x86_64-fedora-clang, r-devel-linux-x86_64-fedora-gcc, r-devel-windows-ix86+x86_64, r-devel-windows-x86_64-gcc10-UCRT