CRAN Package Check Results for Package rsm

Last updated on 2022-06-28 03:51:42 CEST.

Flavor Version Tinstall Tcheck Ttotal Status Flags
r-devel-linux-x86_64-debian-clang 2.10.3 5.94 99.33 105.27 OK
r-devel-linux-x86_64-debian-gcc 2.10.3 3.91 81.32 85.23 NOTE
r-devel-linux-x86_64-fedora-clang 2.10.3 148.67 NOTE
r-devel-linux-x86_64-fedora-gcc 2.10.3 147.27 NOTE
r-devel-windows-x86_64 2.10.3 27.00 176.00 203.00 OK
r-patched-linux-x86_64 2.10.3 5.50 99.85 105.35 NOTE
r-release-linux-x86_64 2.10.3 5.42 101.27 106.69 NOTE
r-release-macos-arm64 2.10.3 43.00 OK
r-release-macos-x86_64 2.10.3 68.00 OK
r-release-windows-x86_64 2.10.3 31.00 180.00 211.00 OK
r-oldrel-macos-arm64 2.10.3 53.00 OK
r-oldrel-macos-x86_64 2.10.3 69.00 OK
r-oldrel-windows-ix86+x86_64 2.10.3 19.00 138.00 157.00 OK

Check Details

Version: 2.10.3
Check: package dependencies
Result: NOTE
    Package suggested but not available for checking: ‘Vdgraph’
Flavors: r-devel-linux-x86_64-debian-gcc, r-devel-linux-x86_64-fedora-clang, r-devel-linux-x86_64-fedora-gcc, r-patched-linux-x86_64, r-release-linux-x86_64

Version: 2.10.3
Check: Rd cross-references
Result: NOTE
    Unknown package ‘Vdgraph’ in Rd xrefs
Flavors: r-devel-linux-x86_64-debian-gcc, r-devel-linux-x86_64-fedora-clang, r-devel-linux-x86_64-fedora-gcc, r-patched-linux-x86_64, r-release-linux-x86_64