CRAN Package Check Results for Package rsinaica

Last updated on 2022-08-13 04:57:58 CEST.

Flavor Version Tinstall Tcheck Ttotal Status Flags
r-devel-linux-x86_64-debian-clang 0.6.1 7.05 61.18 68.23 OK
r-devel-linux-x86_64-debian-gcc 0.6.1 5.03 45.33 50.36 OK
r-devel-linux-x86_64-fedora-clang 0.6.1 92.60 NOTE
r-devel-linux-x86_64-fedora-gcc 0.6.1 88.43 NOTE
r-devel-windows-x86_64 0.6.1 17.00 86.00 103.00 OK
r-patched-linux-x86_64 0.6.1 5.23 58.08 63.31 OK
r-release-linux-x86_64 0.6.1 5.95 59.29 65.24 OK
r-release-macos-arm64 0.6.1 28.00 NOTE
r-release-macos-x86_64 0.6.1 53.00 NOTE
r-release-windows-x86_64 0.6.1 19.00 98.00 117.00 OK
r-oldrel-macos-arm64 0.6.1 35.00 NOTE
r-oldrel-macos-x86_64 0.6.1 1803.00 NOTE
r-oldrel-windows-ix86+x86_64 0.6.1 16.00 85.00 101.00 OK

Check Details

Version: 0.6.1
Check: data for non-ASCII characters
Result: NOTE
     Note: found 467 marked UTF-8 strings
Flavors: r-devel-linux-x86_64-fedora-clang, r-devel-linux-x86_64-fedora-gcc, r-release-macos-arm64, r-release-macos-x86_64, r-oldrel-macos-arm64, r-oldrel-macos-x86_64