Last updated on 2023-01-29 03:55:25 CET.
Flavor | Version | Tinstall | Tcheck | Ttotal | Status | Flags |
---|---|---|---|---|---|---|
r-devel-linux-x86_64-debian-clang | 2.2.0 | 105.89 | 57.16 | 163.05 | OK | |
r-devel-linux-x86_64-debian-gcc | 2.2.0 | 93.10 | 44.02 | 137.12 | OK | |
r-devel-linux-x86_64-fedora-clang | 2.2.0 | 198.53 | OK | |||
r-devel-linux-x86_64-fedora-gcc | 2.2.0 | 231.11 | OK | |||
r-patched-linux-x86_64 | 2.2.0 | 111.62 | 56.06 | 167.68 | OK | |
r-release-linux-x86_64 | 2.2.0 | 107.21 | 55.95 | 163.16 | OK | |
r-release-macos-arm64 | 2.2.0 | 244.00 | OK | |||
r-release-macos-x86_64 | 2.2.0 | 101.00 | OK | |||
r-release-windows-x86_64 | 2.2.0 | 2138.00 | 108.00 | 2246.00 | OK | |
r-oldrel-macos-arm64 | 2.2.0 | 101.00 | OK | |||
r-oldrel-macos-x86_64 | 2.2.0 | 105.00 | OK | |||
r-oldrel-windows-ix86+x86_64 | 2.2.0 | 2.00 | 18.00 | 20.00 | ERROR |
Version: 2.2.0
Check: whether package can be installed
Result: ERROR
Installation failed.
Flavor: r-oldrel-windows-ix86+x86_64