Last updated on 2022-08-12 03:53:37 CEST.
Flavor | Version | Tinstall | Tcheck | Ttotal | Status | Flags |
---|---|---|---|---|---|---|
r-devel-linux-x86_64-debian-clang | 0.6.6 | 8.27 | 88.51 | 96.78 | NOTE | |
r-devel-linux-x86_64-debian-gcc | 0.6.6 | 6.74 | 57.30 | 64.04 | NOTE | |
r-devel-linux-x86_64-fedora-clang | 0.6.6 | 120.25 | NOTE | |||
r-devel-linux-x86_64-fedora-gcc | 0.6.6 | 117.84 | NOTE | |||
r-devel-windows-x86_64 | 0.6.6 | 42.00 | 135.00 | 177.00 | NOTE | |
r-patched-linux-x86_64 | 0.6.6 | 12.85 | 81.51 | 94.36 | NOTE | |
r-release-linux-x86_64 | 0.6.6 | 8.89 | 71.72 | 80.61 | NOTE | |
r-release-macos-arm64 | 0.6.6 | 38.00 | NOTE | |||
r-release-macos-x86_64 | 0.6.6 | 69.00 | NOTE | |||
r-release-windows-x86_64 | 0.6.6 | 39.00 | 110.00 | 149.00 | NOTE | |
r-oldrel-macos-arm64 | 0.6.6 | 42.00 | NOTE | |||
r-oldrel-macos-x86_64 | 0.6.6 | 1803.00 | NOTE | |||
r-oldrel-windows-ix86+x86_64 | 0.6.6 | 19.00 | 101.00 | 120.00 | NOTE |
Version: 0.6.6
Check: LazyData
Result: NOTE
'LazyData' is specified without a 'data' directory
Flavors: r-devel-linux-x86_64-debian-clang, r-devel-linux-x86_64-debian-gcc, r-devel-linux-x86_64-fedora-clang, r-devel-linux-x86_64-fedora-gcc, r-devel-windows-x86_64, r-patched-linux-x86_64, r-release-linux-x86_64, r-release-macos-arm64, r-release-macos-x86_64, r-release-windows-x86_64, r-oldrel-macos-arm64, r-oldrel-macos-x86_64, r-oldrel-windows-ix86+x86_64