CRAN Package Check Results for Package rpubs

Last updated on 2022-08-13 15:54:01 CEST.

Flavor Version Tinstall Tcheck Ttotal Status Flags
r-devel-linux-x86_64-debian-clang 0.2.2 2.72 31.34 34.06 NOTE
r-devel-linux-x86_64-debian-gcc 0.2.2 2.51 24.96 27.47 NOTE
r-devel-linux-x86_64-fedora-clang 0.2.2 52.45 NOTE
r-devel-linux-x86_64-fedora-gcc 0.2.2 51.30 NOTE
r-devel-windows-x86_64 0.2.2 7.00 69.00 76.00 NOTE
r-patched-linux-x86_64 0.2.2 3.13 30.94 34.07 NOTE
r-release-linux-x86_64 0.2.2 2.35 31.05 33.40 NOTE
r-release-macos-arm64 0.2.2 33.00 NOTE
r-release-macos-x86_64 0.2.2 37.00 NOTE
r-release-windows-x86_64 0.2.2 8.00 70.00 78.00 NOTE
r-oldrel-macos-arm64 0.2.2 34.00 NOTE
r-oldrel-macos-x86_64 0.2.2 39.00 NOTE
r-oldrel-windows-ix86+x86_64 0.2.2 8.00 56.00 64.00 NOTE

Check Details

Version: 0.2.2
Check: LazyData
Result: NOTE
     'LazyData' is specified without a 'data' directory
Flavors: r-devel-linux-x86_64-debian-clang, r-devel-linux-x86_64-debian-gcc, r-devel-linux-x86_64-fedora-clang, r-devel-linux-x86_64-fedora-gcc, r-devel-windows-x86_64, r-patched-linux-x86_64, r-release-linux-x86_64, r-release-macos-arm64, r-release-macos-x86_64, r-release-windows-x86_64, r-oldrel-macos-arm64, r-oldrel-macos-x86_64, r-oldrel-windows-ix86+x86_64