CRAN Package Check Results for Package rptR

Last updated on 2022-07-03 03:50:06 CEST.

Flavor Version Tinstall Tcheck Ttotal Status Flags
r-devel-linux-x86_64-debian-clang 0.9.22 4.18 176.45 180.63 OK
r-devel-linux-x86_64-debian-gcc 0.9.22 3.52 128.59 132.11 OK
r-devel-linux-x86_64-fedora-clang 0.9.22 217.73 NOTE
r-devel-linux-x86_64-fedora-gcc 0.9.22 224.41 NOTE
r-devel-windows-x86_64 0.9.22 14.00 213.00 227.00 OK
r-patched-linux-x86_64 0.9.22 12.11 173.88 185.99 OK
r-release-linux-x86_64 0.9.22 5.42 171.15 176.57 OK
r-release-macos-arm64 0.9.22 61.00 NOTE
r-release-macos-x86_64 0.9.22 96.00 NOTE
r-release-windows-x86_64 0.9.22 20.00 222.00 242.00 OK
r-oldrel-macos-arm64 0.9.22 67.00 NOTE
r-oldrel-macos-x86_64 0.9.22 90.00 NOTE
r-oldrel-windows-ix86+x86_64 0.9.22 11.00 226.00 237.00 OK

Check Details

Version: 0.9.22
Check: dependencies in R code
Result: NOTE
    Namespace in Imports field not imported from: ‘methods’
     All declared Imports should be used.
Flavors: r-devel-linux-x86_64-fedora-clang, r-devel-linux-x86_64-fedora-gcc, r-release-macos-arm64, r-release-macos-x86_64, r-oldrel-macos-arm64, r-oldrel-macos-x86_64