CRAN Package Check Results for Package rpredictit

Last updated on 2023-01-31 04:06:32 CET.

Flavor Version Tinstall Tcheck Ttotal Status Flags
r-devel-linux-x86_64-debian-clang 0.1.0 4.67 46.36 51.03 OK
r-devel-linux-x86_64-debian-gcc 0.1.0 3.65 35.19 38.84 OK
r-devel-linux-x86_64-fedora-clang 0.1.0 63.16 NOTE
r-devel-linux-x86_64-fedora-gcc 0.1.0 74.95 OK
r-devel-windows-x86_64 0.1.0 46.00 86.00 132.00 OK
r-patched-linux-x86_64 0.1.0 11.36 45.52 56.88 OK
r-release-linux-x86_64 0.1.0 3.15 46.36 49.51 OK
r-release-macos-arm64 0.1.0 37.00 OK
r-release-macos-x86_64 0.1.0 49.00 OK
r-release-windows-x86_64 0.1.0 62.00 91.00 153.00 OK
r-oldrel-macos-arm64 0.1.0 37.00 OK
r-oldrel-macos-x86_64 0.1.0 48.00 OK
r-oldrel-windows-ix86+x86_64 0.1.0 10.00 75.00 85.00 OK

Check Details

Version: 0.1.0
Check: Rd cross-references
Result: NOTE
    Undeclared package ‘htmlwidgets’ in Rd xrefs
Flavor: r-devel-linux-x86_64-fedora-clang