CRAN Package Check Results for Package rportfolios

Last updated on 2022-09-25 15:56:52 CEST.

Flavor Version Tinstall Tcheck Ttotal Status Flags
r-devel-linux-x86_64-debian-clang 1.0-1 4.89 44.33 49.22 NOTE
r-devel-linux-x86_64-debian-gcc 1.0-1 3.98 34.02 38.00 NOTE
r-devel-linux-x86_64-fedora-clang 1.0-1 70.57 NOTE
r-devel-linux-x86_64-fedora-gcc 1.0-1 69.73 NOTE
r-devel-windows-x86_64 1.0-1 61.00 80.00 141.00 NOTE
r-patched-linux-x86_64 1.0-1 4.54 42.04 46.58 OK
r-release-linux-x86_64 1.0-1 3.55 40.93 44.48 OK
r-release-macos-arm64 1.0-1 19.00 OK
r-release-macos-x86_64 1.0-1 29.00 OK
r-release-windows-x86_64 1.0-1 51.00 79.00 130.00 OK
r-oldrel-macos-arm64 1.0-1 26.00 OK
r-oldrel-macos-x86_64 1.0-1 39.00 OK
r-oldrel-windows-ix86+x86_64 1.0-1 10.00 68.00 78.00 OK

Check Details

Version: 1.0-1
Check: Rd files
Result: NOTE
    checkRd: (-1) ractive.Rd:38: Escaped LaTeX specials: \&
    checkRd: (-1) ractive.test.Rd:40: Escaped LaTeX specials: \&
    checkRd: (-1) random.active.test.Rd:39: Escaped LaTeX specials: \&
    checkRd: (-1) random.benchmark.Rd:49: Escaped LaTeX specials: \&
Flavors: r-devel-linux-x86_64-debian-clang, r-devel-linux-x86_64-debian-gcc, r-devel-linux-x86_64-fedora-clang, r-devel-linux-x86_64-fedora-gcc, r-devel-windows-x86_64

Version: 1.0-1
Check: HTML version of manual
Result: NOTE
    Found the following math rendering problems:
    random.benchmark.Rd:35-37: Invalid size: '-' in ... \right.
     \kern-\nulldelimiters...
    random.bounded.Rd:21-23: Unknown column alignment: * in ...{\begin{array}{*{20}{c}}
     {{x_...
    random.bounded.test.Rd:21-23: Unknown column alignment: * in ...{\begin{array}{*{20}{c}}
     {{x_...
Flavors: r-devel-linux-x86_64-debian-clang, r-devel-linux-x86_64-debian-gcc, r-devel-linux-x86_64-fedora-clang, r-devel-linux-x86_64-fedora-gcc, r-devel-windows-x86_64