CRAN Package Check Results for Package rplotengine

Last updated on 2020-09-29 15:47:44 CEST.

Flavor Version Tinstall Tcheck Ttotal Status Flags
r-devel-linux-x86_64-debian-clang 1.0-7 2.72 21.00 23.72 NOTE
r-devel-linux-x86_64-debian-gcc 1.0-7 2.08 16.86 18.94 NOTE
r-devel-linux-x86_64-fedora-clang 1.0-7 37.32 NOTE
r-devel-linux-x86_64-fedora-gcc 1.0-7 28.68 NOTE
r-devel-windows-ix86+x86_64 1.0-7 6.00 28.00 34.00 OK
r-patched-linux-x86_64 1.0-7 2.08 20.65 22.73 NOTE
r-patched-solaris-x86 1.0-7 41.60 NOTE
r-release-linux-x86_64 1.0-7 2.18 20.53 22.71 NOTE
r-release-macos-x86_64 1.0-7 OK
r-release-windows-ix86+x86_64 1.0-7 15.00 35.00 50.00 OK
r-oldrel-macos-x86_64 1.0-7 OK
r-oldrel-windows-ix86+x86_64 1.0-7 4.00 34.00 38.00 OK

Check Details

Version: 1.0-7
Check: for non-standard things in the check directory
Result: NOTE
    Found the following files/directories:
     'mygraph.eps' 'mygraph.png' 'mygraph.tex'
Flavors: r-devel-linux-x86_64-debian-clang, r-devel-linux-x86_64-debian-gcc, r-devel-linux-x86_64-fedora-clang, r-devel-linux-x86_64-fedora-gcc, r-patched-linux-x86_64, r-patched-solaris-x86, r-release-linux-x86_64