CRAN Package Check Results for Package rpcdsearch

Last updated on 2020-09-22 16:02:39 CEST.

Flavor Version Tinstall Tcheck Ttotal Status Flags
r-devel-linux-x86_64-debian-clang 1.0 9.62 85.36 94.98 NOTE
r-devel-linux-x86_64-debian-gcc 1.0 8.22 66.56 74.78 NOTE
r-devel-linux-x86_64-fedora-clang 1.0 126.35 OK
r-devel-linux-x86_64-fedora-gcc 1.0 114.61 OK
r-devel-windows-ix86+x86_64 1.0 19.00 75.00 94.00 NOTE
r-patched-linux-x86_64 1.0 9.61 81.37 90.98 NOTE
r-patched-solaris-x86 1.0 140.90 OK
r-release-linux-x86_64 1.0 9.57 82.11 91.68 NOTE
r-release-macos-x86_64 1.0 OK
r-release-windows-ix86+x86_64 1.0 18.00 93.00 111.00 NOTE
r-oldrel-macos-x86_64 1.0 OK
r-oldrel-windows-ix86+x86_64 1.0 13.00 136.00 149.00 OK

Check Details

Version: 1.0
Check: package vignettes
Result: NOTE
    Package vignette with placeholder title 'Vignette Title':
     'codelists.Rmd'
Flavors: r-devel-linux-x86_64-debian-clang, r-devel-linux-x86_64-debian-gcc, r-devel-windows-ix86+x86_64, r-patched-linux-x86_64, r-release-linux-x86_64, r-release-windows-ix86+x86_64