CRAN Package Check Results for Package roxyglobals

Last updated on 2024-07-23 03:57:36 CEST.

Flavor Version Tinstall Tcheck Ttotal Status Flags
r-devel-linux-x86_64-debian-clang 1.0.0 4.58 41.06 45.64 OK
r-devel-linux-x86_64-debian-gcc 1.0.0 3.35 31.11 34.46 OK
r-devel-linux-x86_64-fedora-clang 1.0.0 56.35 NOTE
r-devel-linux-x86_64-fedora-gcc 1.0.0 52.96 OK
r-devel-windows-x86_64 1.0.0 6.00 52.00 58.00 OK
r-patched-linux-x86_64 1.0.0 3.61 39.48 43.09 OK
r-release-linux-x86_64 1.0.0 4.34 39.20 43.54 OK
r-release-macos-arm64 1.0.0 19.00 OK
r-release-macos-x86_64 1.0.0 29.00 OK
r-release-windows-x86_64 1.0.0 5.00 52.00 57.00 OK
r-oldrel-macos-arm64 1.0.0 23.00 OK
r-oldrel-macos-x86_64 1.0.0 42.00 OK
r-oldrel-windows-x86_64 1.0.0 6.00 57.00 63.00 OK

Check Details

Version: 1.0.0
Check: Rd cross-references
Result: NOTE Undeclared package ‘devtools’ in Rd xrefs Flavor: r-devel-linux-x86_64-fedora-clang