CRAN Package Check Results for Package rootWishart

Last updated on 2022-09-27 03:56:03 CEST.

Flavor Version Tinstall Tcheck Ttotal Status Flags
r-devel-linux-x86_64-debian-clang 0.4.1 140.78 42.51 183.29 NOTE
r-devel-linux-x86_64-debian-gcc 0.4.1 106.08 35.83 141.91 NOTE
r-devel-linux-x86_64-fedora-clang 0.4.1 248.94 NOTE
r-devel-linux-x86_64-fedora-gcc 0.4.1 252.46 NOTE
r-devel-windows-x86_64 0.4.1 98.00 96.00 194.00 NOTE
r-patched-linux-x86_64 0.4.1 118.94 43.10 162.04 NOTE
r-release-linux-x86_64 0.4.1 121.65 42.49 164.14 NOTE
r-release-macos-arm64 0.4.1 65.00 NOTE
r-release-macos-x86_64 0.4.1 88.00 NOTE
r-release-windows-x86_64 0.4.1 94.00 100.00 194.00 NOTE
r-oldrel-macos-arm64 0.4.1 80.00 NOTE
r-oldrel-macos-x86_64 0.4.1 127.00 NOTE
r-oldrel-windows-ix86+x86_64 0.4.1 315.00 123.00 438.00 NOTE

Check Details

Version: 0.4.1
Check: LazyData
Result: NOTE
     'LazyData' is specified without a 'data' directory
Flavors: r-devel-linux-x86_64-debian-clang, r-devel-linux-x86_64-debian-gcc, r-devel-linux-x86_64-fedora-clang, r-devel-linux-x86_64-fedora-gcc, r-devel-windows-x86_64, r-patched-linux-x86_64, r-release-linux-x86_64, r-release-macos-arm64, r-release-macos-x86_64, r-release-windows-x86_64, r-oldrel-macos-arm64, r-oldrel-macos-x86_64, r-oldrel-windows-ix86+x86_64

Version: 0.4.1
Check: installed package size
Result: NOTE
     installed size is 20.8Mb
     sub-directories of 1Mb or more:
     libs 20.7Mb
Flavors: r-release-macos-arm64, r-release-macos-x86_64, r-oldrel-macos-arm64, r-oldrel-macos-x86_64