CRAN Package Check Results for Package rock

Last updated on 2020-09-22 16:02:39 CEST.

Flavor Version Tinstall Tcheck Ttotal Status Flags
r-devel-linux-x86_64-debian-clang 0.1.0 4.92 58.44 63.36 OK
r-devel-linux-x86_64-debian-gcc 0.1.0 3.67 47.66 51.33 NOTE
r-devel-linux-x86_64-fedora-clang 0.1.0 93.71 NOTE
r-devel-linux-x86_64-fedora-gcc 0.1.0 74.93 NOTE
r-devel-windows-ix86+x86_64 0.1.0 13.00 71.00 84.00 OK
r-patched-linux-x86_64 0.1.0 5.47 57.36 62.83 OK
r-patched-solaris-x86 0.1.0 89.10 OK
r-release-linux-x86_64 0.1.0 5.49 59.56 65.05 OK
r-release-macos-x86_64 0.1.0 OK
r-release-windows-ix86+x86_64 0.1.0 10.00 90.00 100.00 OK
r-oldrel-macos-x86_64 0.1.0 OK
r-oldrel-windows-ix86+x86_64 0.1.0 6.00 64.00 70.00 OK

Check Details

Version: 0.1.0
Check: R code for possible problems
Result: NOTE
    Possibly missing '()' after 'return' in the following function:
     ‘parse_source’
Flavors: r-devel-linux-x86_64-debian-gcc, r-devel-linux-x86_64-fedora-clang, r-devel-linux-x86_64-fedora-gcc