CRAN Package Check Results for Package robustfa

Last updated on 2024-07-22 15:57:32 CEST.

Flavor Version Tinstall Tcheck Ttotal Status Flags
r-devel-linux-x86_64-debian-clang 1.1-0 5.75 89.38 95.13 OK
r-devel-linux-x86_64-debian-gcc 1.1-0 6.13 69.22 75.35 NOTE
r-devel-linux-x86_64-fedora-clang 1.1-0 124.91 OK
r-devel-linux-x86_64-fedora-gcc 1.1-0 130.32 OK
r-devel-windows-x86_64 1.1-0 8.00 117.00 125.00 NOTE
r-patched-linux-x86_64 1.1-0 8.85 86.18 95.03 OK
r-release-linux-x86_64 1.1-0 7.73 87.61 95.34 OK
r-release-macos-arm64 1.1-0 46.00 OK
r-release-macos-x86_64 1.1-0 78.00 WARN
r-release-windows-x86_64 1.1-0 7.00 117.00 124.00 OK
r-oldrel-macos-arm64 1.1-0 48.00 OK
r-oldrel-macos-x86_64 1.1-0 141.00 OK
r-oldrel-windows-x86_64 1.1-0 9.00 123.00 132.00 OK

Check Details

Version: 1.1-0
Check: Rd cross-references
Result: NOTE Found the following Rd file(s) with Rd \link{} targets missing package anchors: FaCov.Rd: CovControl-class, CovControlMcd-class, CovMcd, CovClassic myplotDD.Rd: CovClassic, getDistance Please provide package anchors for all Rd \link{} targets not in the package itself and the base packages. Flavors: r-devel-linux-x86_64-debian-gcc, r-devel-windows-x86_64

Version: 1.1-0
Check: re-building of vignette outputs
Result: WARN Error(s) in re-building vignettes: ... --- re-building ‘robustfa-knitr.Rnw’ using knitr Error: processing vignette 'robustfa-knitr.Rnw' failed with diagnostics: Running 'texi2dvi' on 'robustfa-knitr.tex' failed. LaTeX errors: ! Undefined control sequence. l.1481 \hldef {faCovPcaRegMcd} \hlkwb{=} \hlkwd{FaCov}\hldef{(}\hlkwc{x} \h... ? ! Emergency stop. l.1481 End of file on the terminal! ! ==> Fatal error occurred, no output PDF file produced! --- failed re-building ‘robustfa-knitr.Rnw’ SUMMARY: processing the following file failed: ‘robustfa-knitr.Rnw’ Error: Vignette re-building failed. Execution halted Flavor: r-release-macos-x86_64