CRAN Package Check Results for Package robustX

Last updated on 2020-09-22 03:49:38 CEST.

Flavor Version Tinstall Tcheck Ttotal Status Flags
r-devel-linux-x86_64-debian-clang 1.2-4 4.31 42.09 46.40 OK
r-devel-linux-x86_64-debian-gcc 1.2-4 0.25 1.90 2.15 ERROR
r-devel-linux-x86_64-fedora-clang 1.2-4 70.06 NOTE
r-devel-linux-x86_64-fedora-gcc 1.2-4 60.12 OK
r-devel-windows-ix86+x86_64 1.2-4 7.00 54.00 61.00 OK
r-patched-linux-x86_64 1.2-4 3.58 40.61 44.19 OK
r-patched-solaris-x86 1.2-4 75.90 OK
r-release-linux-x86_64 1.2-4 3.64 40.54 44.18 OK
r-release-macos-x86_64 1.2-4 OK
r-release-windows-ix86+x86_64 1.2-4 8.00 48.00 56.00 OK
r-oldrel-macos-x86_64 1.2-4 OK
r-oldrel-windows-ix86+x86_64 1.2-4 6.00 56.00 62.00 OK

Check Details

Version: 1.2-4
Check: whether package can be installed
Result: ERROR
    Installation failed.
Flavor: r-devel-linux-x86_64-debian-gcc

Version: 1.2-4
Check: Rd cross-references
Result: NOTE
    Undeclared package ‘pcaPP’ in Rd xrefs
Flavor: r-devel-linux-x86_64-fedora-clang