Last updated on 2023-02-01 15:51:36 CET.
Flavor | Version | Tinstall | Tcheck | Ttotal | Status | Flags |
---|---|---|---|---|---|---|
r-devel-linux-x86_64-debian-clang | 2.0 | 3.15 | 30.93 | 34.08 | OK | |
r-devel-linux-x86_64-debian-gcc | 2.0 | 2.61 | 24.25 | 26.86 | OK | |
r-devel-linux-x86_64-fedora-clang | 2.0 | 45.84 | NOTE | |||
r-devel-linux-x86_64-fedora-gcc | 2.0 | 58.79 | NOTE | |||
r-devel-windows-x86_64 | 2.0 | 31.00 | 61.00 | 92.00 | OK | |
r-patched-linux-x86_64 | 2.0 | 3.01 | 30.12 | 33.13 | OK | |
r-release-linux-x86_64 | 2.0 | 2.86 | 31.03 | 33.89 | OK | |
r-release-macos-arm64 | 2.0 | 19.00 | NOTE | |||
r-release-macos-x86_64 | 2.0 | 24.00 | NOTE | |||
r-release-windows-x86_64 | 2.0 | 26.00 | 62.00 | 88.00 | OK | |
r-oldrel-macos-arm64 | 2.0 | 24.00 | NOTE | |||
r-oldrel-macos-x86_64 | 2.0 | 33.00 | NOTE | |||
r-oldrel-windows-ix86+x86_64 | 2.0 | 7.00 | 57.00 | 64.00 | OK |
Version: 2.0
Check: data for non-ASCII characters
Result: NOTE
Note: found 6 marked UTF-8 strings
Flavors: r-devel-linux-x86_64-fedora-clang, r-devel-linux-x86_64-fedora-gcc, r-release-macos-arm64, r-release-macos-x86_64, r-oldrel-macos-arm64, r-oldrel-macos-x86_64