CRAN Package Check Results for Package roben

Last updated on 2020-11-28 03:52:46 CET.

Flavor Version Tinstall Tcheck Ttotal Status Flags
r-devel-linux-x86_64-debian-clang 0.1.0 315.91 57.08 372.99 OK
r-devel-linux-x86_64-debian-gcc 0.1.0 286.85 41.27 328.12 OK
r-devel-linux-x86_64-fedora-clang 0.1.0 428.31 NOTE
r-devel-linux-x86_64-fedora-gcc 0.1.0 372.98 OK
r-devel-windows-ix86+x86_64 0.1.0 547.00 126.00 673.00 OK
r-patched-linux-x86_64 0.1.0 346.03 53.82 399.85 OK
r-patched-solaris-x86 0.1.0 309.30 OK
r-release-linux-x86_64 0.1.0 414.51 58.60 473.11 OK
r-release-macos-x86_64 0.1.0 NOTE
r-release-windows-ix86+x86_64 0.1.0 504.00 97.00 601.00 OK
r-oldrel-macos-x86_64 0.1.0 NOTE
r-oldrel-windows-ix86+x86_64 0.1.0 488.00 119.00 607.00 OK

Check Details

Version: 0.1.0
Check: installed package size
Result: NOTE
     installed size is 12.1Mb
     sub-directories of 1Mb or more:
     libs 11.5Mb
Flavors: r-devel-linux-x86_64-fedora-clang, r-release-macos-x86_64, r-oldrel-macos-x86_64