CRAN Package Check Results for Package rncl

Last updated on 2020-09-22 16:02:38 CEST.

Flavor Version Tinstall Tcheck Ttotal Status Flags
r-devel-linux-x86_64-debian-clang 0.8.4 174.37 31.65 206.02 OK
r-devel-linux-x86_64-debian-gcc 0.8.4 165.57 24.49 190.06 OK
r-devel-linux-x86_64-fedora-clang 0.8.4 383.51 NOTE
r-devel-linux-x86_64-fedora-gcc 0.8.4 328.77 OK
r-devel-windows-ix86+x86_64 0.8.4 430.00 66.00 496.00 OK
r-patched-linux-x86_64 0.8.4 173.38 30.39 203.77 OK
r-patched-solaris-x86 0.8.4 245.20 OK
r-release-linux-x86_64 0.8.4 170.94 30.45 201.39 OK
r-release-macos-x86_64 0.8.4 NOTE
r-release-windows-ix86+x86_64 0.8.4 406.00 72.00 478.00 OK
r-oldrel-macos-x86_64 0.8.4 NOTE
r-oldrel-windows-ix86+x86_64 0.8.4 299.00 86.00 385.00 OK

Check Details

Version: 0.8.4
Check: installed package size
Result: NOTE
     installed size is 23.5Mb
     sub-directories of 1Mb or more:
     libs 23.3Mb
Flavors: r-devel-linux-x86_64-fedora-clang, r-release-macos-x86_64, r-oldrel-macos-x86_64