CRAN Package Check Results for Package rnaturalearthdata

Last updated on 2020-09-24 15:48:40 CEST.

Flavor Version Tinstall Tcheck Ttotal Status Flags
r-devel-linux-x86_64-debian-clang 0.1.0 8.52 30.47 38.99 OK
r-devel-linux-x86_64-debian-gcc 0.1.0 7.67 24.14 31.81 OK
r-devel-linux-x86_64-fedora-clang 0.1.0 61.99 NOTE
r-devel-linux-x86_64-fedora-gcc 0.1.0 46.88 NOTE
r-devel-windows-ix86+x86_64 0.1.0 13.00 49.00 62.00 OK
r-patched-linux-x86_64 0.1.0 9.40 29.43 38.83 OK
r-patched-solaris-x86 0.1.0 75.50 NOTE
r-release-linux-x86_64 0.1.0 8.00 29.72 37.72 OK
r-release-macos-x86_64 0.1.0 NOTE
r-release-windows-ix86+x86_64 0.1.0 12.00 48.00 60.00 OK
r-oldrel-macos-x86_64 0.1.0 NOTE
r-oldrel-windows-ix86+x86_64 0.1.0 12.00 50.00 62.00 OK

Check Details

Version: 0.1.0
Check: data for non-ASCII characters
Result: NOTE
     Note: found 133 marked Latin-1 strings
Flavors: r-devel-linux-x86_64-fedora-clang, r-devel-linux-x86_64-fedora-gcc, r-patched-solaris-x86, r-release-macos-x86_64, r-oldrel-macos-x86_64