CRAN Package Check Results for Package rnaturalearthdata

Last updated on 2024-06-13 15:48:36 CEST.

Flavor Version Tinstall Tcheck Ttotal Status Flags
r-devel-linux-x86_64-debian-clang 1.0.0 8.81 23.44 32.25 OK
r-devel-linux-x86_64-debian-gcc 1.0.0 7.52 17.84 25.36 NOTE
r-devel-linux-x86_64-fedora-clang 1.0.0 40.13 NOTE
r-devel-linux-x86_64-fedora-gcc 1.0.0 38.37 NOTE
r-devel-windows-x86_64 1.0.0 9.00 40.00 49.00 OK
r-patched-linux-x86_64 1.0.0 9.51 22.93 32.44 OK
r-release-linux-x86_64 1.0.0 7.49 22.18 29.67 OK
r-release-macos-arm64 1.0.0 18.00 OK
r-release-macos-x86_64 1.0.0 29.00 OK
r-release-windows-x86_64 1.0.0 8.00 41.00 49.00 OK
r-oldrel-macos-arm64 1.0.0 27.00 OK
r-oldrel-macos-x86_64 1.0.0 47.00 OK
r-oldrel-windows-x86_64 1.0.0 8.00 41.00 49.00 OK

Check Details

Version: 1.0.0
Check: package dependencies
Result: NOTE Package suggested but not available for checking: ‘testthat’ Flavor: r-devel-linux-x86_64-debian-gcc

Version: 1.0.0
Check: data for non-ASCII characters
Result: NOTE Note: found 26259 marked UTF-8 strings Flavors: r-devel-linux-x86_64-fedora-clang, r-devel-linux-x86_64-fedora-gcc