CRAN Package Check Results for Package rnaturalearthdata

Last updated on 2022-08-07 15:55:59 CEST.

Flavor Version Tinstall Tcheck Ttotal Status Flags
r-devel-linux-x86_64-debian-clang 0.1.0 7.29 33.77 41.06 OK
r-devel-linux-x86_64-debian-gcc 0.1.0 7.04 26.59 33.63 OK
r-devel-linux-x86_64-fedora-clang 0.1.0 62.94 NOTE
r-devel-linux-x86_64-fedora-gcc 0.1.0 62.25 NOTE
r-devel-windows-x86_64 0.1.0 35.00 58.00 93.00 OK
r-patched-linux-x86_64 0.1.0 8.12 32.34 40.46 OK
r-release-linux-x86_64 0.1.0 8.00 32.90 40.90 OK
r-release-macos-arm64 0.1.0 24.00 NOTE
r-release-macos-x86_64 0.1.0 30.00 NOTE
r-release-windows-x86_64 0.1.0 36.00 60.00 96.00 OK
r-oldrel-macos-arm64 0.1.0 27.00 NOTE
r-oldrel-macos-x86_64 0.1.0 39.00 NOTE
r-oldrel-windows-ix86+x86_64 0.1.0 14.00 63.00 77.00 OK

Check Details

Version: 0.1.0
Check: data for non-ASCII characters
Result: NOTE
     Note: found 133 marked Latin-1 strings
Flavors: r-devel-linux-x86_64-fedora-clang, r-devel-linux-x86_64-fedora-gcc, r-release-macos-arm64, r-release-macos-x86_64, r-oldrel-macos-arm64, r-oldrel-macos-x86_64