CRAN Package Check Results for Package rnaturalearth

Last updated on 2020-10-01 15:48:37 CEST.

Flavor Version Tinstall Tcheck Ttotal Status Flags
r-devel-linux-x86_64-debian-clang 0.1.0 6.04 69.78 75.82 NOTE
r-devel-linux-x86_64-debian-gcc 0.1.0 4.88 52.56 57.44 NOTE
r-devel-linux-x86_64-fedora-clang 0.1.0 100.22 NOTE
r-devel-linux-x86_64-fedora-gcc 0.1.0 95.03 NOTE
r-devel-windows-ix86+x86_64 0.1.0 14.00 68.00 82.00 NOTE
r-patched-linux-x86_64 0.1.0 5.69 65.66 71.35 NOTE
r-patched-solaris-x86 0.1.0 142.40 NOTE
r-release-linux-x86_64 0.1.0 5.52 65.63 71.15 NOTE
r-release-macos-x86_64 0.1.0 NOTE
r-release-windows-ix86+x86_64 0.1.0 16.00 94.00 110.00 NOTE
r-oldrel-macos-x86_64 0.1.0 NOTE
r-oldrel-windows-ix86+x86_64 0.1.0 12.00 83.00 95.00 NOTE

Check Details

Version: 0.1.0
Check: package dependencies
Result: NOTE
    Package suggested but not available for checking: 'rnaturalearthhires'
Flavors: r-devel-linux-x86_64-debian-clang, r-devel-linux-x86_64-debian-gcc, r-devel-linux-x86_64-fedora-clang, r-devel-linux-x86_64-fedora-gcc, r-devel-windows-ix86+x86_64, r-patched-linux-x86_64, r-patched-solaris-x86, r-release-linux-x86_64, r-release-macos-x86_64, r-release-windows-ix86+x86_64, r-oldrel-macos-x86_64, r-oldrel-windows-ix86+x86_64

Version: 0.1.0
Check: data for non-ASCII characters
Result: NOTE
     Note: found 7 marked Latin-1 strings
Flavors: r-devel-linux-x86_64-fedora-clang, r-devel-linux-x86_64-fedora-gcc, r-patched-solaris-x86, r-release-macos-x86_64, r-oldrel-macos-x86_64