CRAN Package Check Results for Package rmytarget

Last updated on 2024-06-17 04:48:59 CEST.

Flavor Version Tinstall Tcheck Ttotal Status Flags
r-devel-linux-x86_64-debian-clang 2.4.0 8.99 64.53 73.52 NOTE
r-devel-linux-x86_64-debian-gcc 2.4.0 5.31 48.57 53.88 NOTE
r-devel-linux-x86_64-fedora-clang 2.4.0 92.09 NOTE
r-devel-linux-x86_64-fedora-gcc 2.4.0 98.80 NOTE
r-devel-windows-x86_64 2.4.0 8.00 68.00 76.00 NOTE
r-patched-linux-x86_64 2.4.0 7.65 63.15 70.80 NOTE
r-release-linux-x86_64 2.4.0 6.52 63.98 70.50 NOTE
r-release-macos-arm64 2.4.0 37.00 NOTE
r-release-macos-x86_64 2.4.0 54.00 NOTE
r-release-windows-x86_64 2.4.0 7.00 71.00 78.00 NOTE
r-oldrel-macos-arm64 2.4.0 39.00 OK
r-oldrel-macos-x86_64 2.4.0 48.00 OK
r-oldrel-windows-x86_64 2.4.0 8.00 76.00 84.00 OK

Check Details

Version: 2.4.0
Check: Rd files
Result: NOTE checkRd: (-1) myTarGetClientList.Rd:33: Lost braces 33 | {MyTarget API Documenation}{https://target.my.com/doc/api/detailed/#resource_agency_clients} | ^ Flavors: r-devel-linux-x86_64-debian-clang, r-devel-linux-x86_64-debian-gcc, r-devel-linux-x86_64-fedora-clang, r-devel-linux-x86_64-fedora-gcc, r-devel-windows-x86_64, r-patched-linux-x86_64, r-release-linux-x86_64, r-release-macos-arm64, r-release-macos-x86_64, r-release-windows-x86_64