CRAN Package Check Results for Package rmsfact

Last updated on 2020-10-26 03:48:33 CET.

Flavor Version Tinstall Tcheck Ttotal Status Flags
r-devel-linux-x86_64-debian-clang 0.0.3 1.60 17.65 19.25 OK
r-devel-linux-x86_64-debian-gcc 0.0.3 1.38 14.18 15.56 OK
r-devel-linux-x86_64-fedora-clang 0.0.3 32.99 NOTE
r-devel-linux-x86_64-fedora-gcc 0.0.3 23.36 OK
r-devel-windows-ix86+x86_64 0.0.3 5.00 32.00 37.00 OK
r-patched-linux-x86_64 0.0.3 1.76 17.12 18.88 OK
r-patched-solaris-x86 0.0.3 37.10 OK
r-release-linux-x86_64 0.0.3 1.42 17.03 18.45 OK
r-release-macos-x86_64 0.0.3 OK
r-release-windows-ix86+x86_64 0.0.3 5.00 23.00 28.00 OK
r-oldrel-macos-x86_64 0.0.3 OK
r-oldrel-windows-ix86+x86_64 0.0.3 4.00 31.00 35.00 OK

Check Details

Version: 0.0.3
Check: Rd cross-references
Result: NOTE
    Undeclared package ‘fortunes’ in Rd xrefs
Flavor: r-devel-linux-x86_64-fedora-clang