Last updated on 2022-06-28 15:53:26 CEST.
Flavor | Version | Tinstall | Tcheck | Ttotal | Status | Flags |
---|---|---|---|---|---|---|
r-devel-linux-x86_64-debian-clang | 0.1.0 | 576.74 | 187.02 | 763.76 | NOTE | |
r-devel-linux-x86_64-debian-gcc | 0.1.0 | 324.00 | 151.62 | 475.62 | NOTE | |
r-devel-linux-x86_64-fedora-clang | 0.1.0 | 766.19 | NOTE | |||
r-devel-linux-x86_64-fedora-gcc | 0.1.0 | 811.48 | NOTE | |||
r-devel-windows-x86_64 | 0.1.0 | 250.00 | 241.00 | 491.00 | NOTE | |
r-patched-linux-x86_64 | 0.1.0 | 338.92 | 194.53 | 533.45 | NOTE | |
r-release-linux-x86_64 | 0.1.0 | 275.29 | 197.28 | 472.57 | NOTE | |
r-release-macos-arm64 | 0.1.0 | 219.00 | NOTE | |||
r-release-macos-x86_64 | 0.1.0 | 324.00 | NOTE | |||
r-release-windows-x86_64 | 0.1.0 | 255.00 | 247.00 | 502.00 | NOTE | |
r-oldrel-macos-arm64 | 0.1.0 | 171.00 | NOTE | |||
r-oldrel-macos-x86_64 | 0.1.0 | 245.00 | NOTE | |||
r-oldrel-windows-ix86+x86_64 | 0.1.0 | 815.00 | 322.00 | 1137.00 | NOTE |
Version: 0.1.0
Check: for GNU extensions in Makefiles
Result: NOTE
GNU make is a SystemRequirements.
Flavors: r-devel-linux-x86_64-debian-clang, r-devel-linux-x86_64-debian-gcc, r-devel-linux-x86_64-fedora-clang, r-devel-linux-x86_64-fedora-gcc, r-devel-windows-x86_64, r-patched-linux-x86_64, r-release-linux-x86_64, r-release-macos-arm64, r-release-macos-x86_64, r-release-windows-x86_64, r-oldrel-macos-arm64, r-oldrel-macos-x86_64, r-oldrel-windows-ix86+x86_64
Version: 0.1.0
Check: installed package size
Result: NOTE
installed size is 40.7Mb
sub-directories of 1Mb or more:
libs 40.2Mb
Flavors: r-devel-linux-x86_64-fedora-clang, r-release-macos-arm64, r-release-macos-x86_64, r-oldrel-macos-arm64, r-oldrel-macos-x86_64, r-oldrel-windows-ix86+x86_64
Version: 0.1.0
Check: dependencies in R code
Result: NOTE
Namespaces in Imports field not imported from:
‘RcppParallel’ ‘rstantools’
All declared Imports should be used.
Flavors: r-devel-linux-x86_64-fedora-clang, r-devel-linux-x86_64-fedora-gcc, r-release-macos-arm64, r-release-macos-x86_64, r-oldrel-macos-arm64, r-oldrel-macos-x86_64
Version: 0.1.0
Check: Rd cross-references
Result: NOTE
Undeclared package ‘coda’ in Rd xrefs
Flavor: r-devel-linux-x86_64-fedora-clang