CRAN Package Check Results for Package rmoo

Last updated on 2024-06-19 03:50:37 CEST.

Flavor Version Tinstall Tcheck Ttotal Status Flags
r-devel-linux-x86_64-debian-clang 0.2.0 14.87 90.71 105.58 NOTE
r-devel-linux-x86_64-debian-gcc 0.2.0 11.31 67.42 78.73 NOTE
r-devel-linux-x86_64-fedora-clang 0.2.0 132.27 NOTE
r-devel-linux-x86_64-fedora-gcc 0.2.0 122.75 NOTE
r-devel-windows-x86_64 0.2.0 11.00 94.00 105.00 NOTE
r-patched-linux-x86_64 0.2.0 14.79 89.07 103.86 NOTE
r-release-linux-x86_64 0.2.0 7.88 85.88 93.76 NOTE
r-release-macos-arm64 0.2.0 39.00 NOTE
r-release-macos-x86_64 0.2.0 109.00 NOTE
r-release-windows-x86_64 0.2.0 11.00 95.00 106.00 NOTE
r-oldrel-macos-arm64 0.2.0 38.00 OK
r-oldrel-macos-x86_64 0.2.0 66.00 OK
r-oldrel-windows-x86_64 0.2.0 15.00 111.00 126.00 OK

Check Details

Version: 0.2.0
Check: Rd files
Result: NOTE checkRd: (-1) nsgaControl.Rd:20-27: Lost braces in \itemize; meant \describe ? checkRd: (-1) nsgaControl.Rd:28-35: Lost braces in \itemize; meant \describe ? checkRd: (-1) nsgaControl.Rd:36-43: Lost braces in \itemize; meant \describe ? checkRd: (-1) nsgaControl.Rd:45: Lost braces in \itemize; meant \describe ? checkRd: (-1) plot-methods.Rd:53: Lost braces in \itemize; meant \describe ? checkRd: (-1) plot-methods.Rd:54: Lost braces in \itemize; meant \describe ? checkRd: (-1) plot-methods.Rd:55: Lost braces in \itemize; meant \describe ? checkRd: (-1) plot-methods.Rd:56: Lost braces in \itemize; meant \describe ? Flavors: r-devel-linux-x86_64-debian-clang, r-devel-linux-x86_64-debian-gcc, r-devel-linux-x86_64-fedora-clang, r-devel-linux-x86_64-fedora-gcc, r-devel-windows-x86_64, r-patched-linux-x86_64, r-release-linux-x86_64, r-release-macos-arm64, r-release-macos-x86_64, r-release-windows-x86_64