CRAN Package Check Results for Package rmi

Last updated on 2022-12-08 04:06:41 CET.

Flavor Version Tinstall Tcheck Ttotal Status Flags
r-devel-linux-x86_64-debian-clang 0.1.1 143.57 41.50 185.07 NOTE
r-devel-linux-x86_64-debian-gcc 0.1.1 105.15 30.50 135.65 NOTE
r-devel-linux-x86_64-fedora-clang 0.1.1 288.09 NOTE
r-devel-linux-x86_64-fedora-gcc 0.1.1 242.44 NOTE
r-devel-windows-x86_64 0.1.1 77.00 86.00 163.00 NOTE
r-patched-linux-x86_64 0.1.1 111.63 38.95 150.58 NOTE
r-release-linux-x86_64 0.1.1 113.66 37.46 151.12 NOTE
r-release-macos-arm64 0.1.1 53.00 NOTE
r-release-macos-x86_64 0.1.1 72.00 NOTE
r-release-windows-x86_64 0.1.1 63.00 90.00 153.00 NOTE
r-oldrel-macos-arm64 0.1.1 50.00 NOTE
r-oldrel-macos-x86_64 0.1.1 110.00 NOTE
r-oldrel-windows-ix86+x86_64 0.1.1 177.00 105.00 282.00 NOTE

Check Details

Version: 0.1.1
Check: LazyData
Result: NOTE
     'LazyData' is specified without a 'data' directory
Flavors: r-devel-linux-x86_64-debian-clang, r-devel-linux-x86_64-debian-gcc, r-devel-linux-x86_64-fedora-clang, r-devel-linux-x86_64-fedora-gcc, r-devel-windows-x86_64, r-patched-linux-x86_64, r-release-linux-x86_64, r-release-macos-arm64, r-release-macos-x86_64, r-release-windows-x86_64, r-oldrel-macos-arm64, r-oldrel-macos-x86_64, r-oldrel-windows-ix86+x86_64