CRAN Package Check Results for Package rmi

Last updated on 2022-08-16 04:53:48 CEST.

Flavor Version Tinstall Tcheck Ttotal Status Flags
r-devel-linux-x86_64-debian-clang 0.1.1 136.17 40.24 176.41 NOTE
r-devel-linux-x86_64-debian-gcc 0.1.1 104.38 29.63 134.01 NOTE
r-devel-linux-x86_64-fedora-clang 0.1.1 263.28 NOTE
r-devel-linux-x86_64-fedora-gcc 0.1.1 241.22 NOTE
r-devel-windows-x86_64 0.1.1 119.00 84.00 203.00 NOTE
r-patched-linux-x86_64 0.1.1 106.36 37.43 143.79 NOTE
r-release-linux-x86_64 0.1.1 113.10 38.24 151.34 NOTE
r-release-macos-arm64 0.1.1 53.00 NOTE
r-release-macos-x86_64 0.1.1 72.00 NOTE
r-release-windows-x86_64 0.1.1 60.00 85.00 145.00 NOTE
r-oldrel-macos-arm64 0.1.1 50.00 NOTE
r-oldrel-macos-x86_64 0.1.1 110.00 NOTE
r-oldrel-windows-ix86+x86_64 0.1.1 176.00 103.00 279.00 NOTE

Check Details

Version: 0.1.1
Check: LazyData
Result: NOTE
     'LazyData' is specified without a 'data' directory
Flavors: r-devel-linux-x86_64-debian-clang, r-devel-linux-x86_64-debian-gcc, r-devel-linux-x86_64-fedora-clang, r-devel-linux-x86_64-fedora-gcc, r-devel-windows-x86_64, r-patched-linux-x86_64, r-release-linux-x86_64, r-release-macos-arm64, r-release-macos-x86_64, r-release-windows-x86_64, r-oldrel-macos-arm64, r-oldrel-macos-x86_64, r-oldrel-windows-ix86+x86_64