CRAN Package Check Results for Package rmgarch

Last updated on 2022-06-28 03:51:41 CEST.

Flavor Version Tinstall Tcheck Ttotal Status Flags
r-devel-linux-x86_64-debian-clang 1.3-9 161.59 279.30 440.89 NOTE
r-devel-linux-x86_64-debian-gcc 1.3-9 120.39 206.74 327.13 NOTE
r-devel-linux-x86_64-fedora-clang 1.3-9 577.99 NOTE
r-devel-linux-x86_64-fedora-gcc 1.3-9 560.49 NOTE
r-devel-windows-x86_64 1.3-9 188.00 305.00 493.00 NOTE
r-patched-linux-x86_64 1.3-9 138.62 265.33 403.95 OK
r-release-linux-x86_64 1.3-9 129.47 266.25 395.72 OK
r-release-macos-arm64 1.3-9 123.00 NOTE
r-release-macos-x86_64 1.3-9 216.00 NOTE
r-release-windows-x86_64 1.3-9 186.00 311.00 497.00 OK
r-oldrel-macos-arm64 1.3-9 100.00 NOTE
r-oldrel-macos-x86_64 1.3-9 155.00 NOTE
r-oldrel-windows-ix86+x86_64 1.3-9 323.00 343.00 666.00 NOTE

Check Details

Version: 1.3-9
Check: Rd files
Result: NOTE
    checkRd: (-1) cGARCHfilter-class.Rd:57: Escaped LaTeX specials: \&
    checkRd: (-1) cGARCHfit-class.Rd:59: Escaped LaTeX specials: \&
    checkRd: (-1) cGARCHsim-class.Rd:52: Escaped LaTeX specials: \&
    checkRd: (-1) cGARCHspec-class.Rd:36: Escaped LaTeX specials: \&
    checkRd: (-1) cgarchsim-methods.Rd:78: Escaped LaTeX specials: \&
    checkRd: (-1) goGARCHfilter-class.Rd:155: Escaped LaTeX specials: \&
    checkRd: (-1) goGARCHfit-class.Rd:166: Escaped LaTeX specials: \&
    checkRd: (-1) rmgarch-package.Rd:73: Escaped LaTeX specials: \&
Flavors: r-devel-linux-x86_64-debian-clang, r-devel-linux-x86_64-debian-gcc, r-devel-linux-x86_64-fedora-clang, r-devel-linux-x86_64-fedora-gcc, r-devel-windows-x86_64

Version: 1.3-9
Check: installed package size
Result: NOTE
     installed size is 7.7Mb
     sub-directories of 1Mb or more:
     R 2.1Mb
     libs 4.6Mb
Flavors: r-devel-linux-x86_64-fedora-clang, r-release-macos-arm64, r-release-macos-x86_64, r-oldrel-macos-arm64, r-oldrel-macos-x86_64, r-oldrel-windows-ix86+x86_64