CRAN Package Check Results for Package rmdpartials

Last updated on 2022-08-07 15:55:59 CEST.

Flavor Version Tinstall Tcheck Ttotal Status Flags
r-devel-linux-x86_64-debian-clang 0.5.8 2.42 31.97 34.39 NOTE
r-devel-linux-x86_64-debian-gcc 0.5.8 1.87 24.31 26.18 NOTE
r-devel-linux-x86_64-fedora-clang 0.5.8 51.44 NOTE
r-devel-linux-x86_64-fedora-gcc 0.5.8 49.26 NOTE
r-devel-windows-x86_64 0.5.8 16.00 62.00 78.00 NOTE
r-patched-linux-x86_64 0.5.8 2.58 29.51 32.09 NOTE
r-release-linux-x86_64 0.5.8 1.55 30.16 31.71 NOTE
r-release-macos-arm64 0.5.8 19.00 NOTE
r-release-macos-x86_64 0.5.8 26.00 NOTE
r-release-windows-x86_64 0.5.8 14.00 64.00 78.00 NOTE
r-oldrel-macos-arm64 0.5.8 26.00 NOTE
r-oldrel-macos-x86_64 0.5.8 30.00 NOTE
r-oldrel-windows-ix86+x86_64 0.5.8 6.00 51.00 57.00 NOTE

Check Details

Version: 0.5.8
Check: package subdirectories
Result: NOTE
    Problems with news in 'NEWS.md':
    No news entries found.
Flavors: r-devel-linux-x86_64-debian-clang, r-devel-linux-x86_64-debian-gcc, r-devel-linux-x86_64-fedora-clang, r-devel-linux-x86_64-fedora-gcc, r-devel-windows-x86_64

Version: 0.5.8
Check: LazyData
Result: NOTE
     'LazyData' is specified without a 'data' directory
Flavors: r-devel-linux-x86_64-debian-clang, r-devel-linux-x86_64-debian-gcc, r-devel-linux-x86_64-fedora-clang, r-devel-linux-x86_64-fedora-gcc, r-devel-windows-x86_64, r-patched-linux-x86_64, r-release-linux-x86_64, r-release-macos-arm64, r-release-macos-x86_64, r-release-windows-x86_64, r-oldrel-macos-arm64, r-oldrel-macos-x86_64, r-oldrel-windows-ix86+x86_64