Last updated on 2022-06-28 03:51:41 CEST.
Flavor | Version | Tinstall | Tcheck | Ttotal | Status | Flags |
---|---|---|---|---|---|---|
r-devel-linux-x86_64-debian-clang | 1.2.4 | 393.59 | 227.41 | 621.00 | NOTE | |
r-devel-linux-x86_64-debian-gcc | 1.2.4 | 327.82 | 182.50 | 510.32 | NOTE | |
r-devel-linux-x86_64-fedora-clang | 1.2.4 | 843.19 | NOTE | |||
r-devel-linux-x86_64-fedora-gcc | 1.2.4 | 858.38 | NOTE | |||
r-devel-windows-x86_64 | 1.2.4 | 237.00 | 286.00 | 523.00 | NOTE | |
r-patched-linux-x86_64 | 1.2.4 | 278.80 | 247.12 | 525.92 | NOTE | |
r-release-linux-x86_64 | 1.2.4 | 270.75 | 242.08 | 512.83 | NOTE | |
r-release-macos-arm64 | 1.2.4 | 195.00 | NOTE | |||
r-release-macos-x86_64 | 1.2.4 | 339.00 | NOTE | |||
r-release-windows-x86_64 | 1.2.4 | 233.00 | 299.00 | 532.00 | NOTE | |
r-oldrel-macos-arm64 | 1.2.4 | 185.00 | NOTE | |||
r-oldrel-macos-x86_64 | 1.2.4 | 250.00 | NOTE | |||
r-oldrel-windows-ix86+x86_64 | 1.2.4 | 798.00 | 478.00 | 1276.00 | NOTE |
Version: 1.2.4
Check: for GNU extensions in Makefiles
Result: NOTE
GNU make is a SystemRequirements.
Flavors: r-devel-linux-x86_64-debian-clang, r-devel-linux-x86_64-debian-gcc, r-devel-linux-x86_64-fedora-clang, r-devel-linux-x86_64-fedora-gcc, r-devel-windows-x86_64, r-patched-linux-x86_64, r-release-linux-x86_64, r-release-macos-arm64, r-release-macos-x86_64, r-release-windows-x86_64, r-oldrel-macos-arm64, r-oldrel-macos-x86_64, r-oldrel-windows-ix86+x86_64
Version: 1.2.4
Check: installed package size
Result: NOTE
installed size is 52.9Mb
sub-directories of 1Mb or more:
libs 52.2Mb
Flavors: r-devel-linux-x86_64-fedora-clang, r-release-macos-arm64, r-release-macos-x86_64, r-oldrel-macos-arm64, r-oldrel-macos-x86_64, r-oldrel-windows-ix86+x86_64
Version: 1.2.4
Check: dependencies in R code
Result: NOTE
Namespace in Imports field not imported from: ‘RcppParallel’
All declared Imports should be used.
Flavors: r-devel-linux-x86_64-fedora-clang, r-devel-linux-x86_64-fedora-gcc, r-release-macos-arm64, r-release-macos-x86_64, r-oldrel-macos-arm64, r-oldrel-macos-x86_64