CRAN Package Check Results for Package rmBayes

Last updated on 2022-06-25 15:51:31 CEST.

Flavor Version Tinstall Tcheck Ttotal Status Flags
r-devel-linux-x86_64-debian-clang 0.1.13 1175.96 196.38 1372.34 NOTE
r-devel-linux-x86_64-debian-gcc 0.1.13 1177.06 196.35 1373.41 NOTE
r-devel-linux-x86_64-fedora-clang 0.1.13 2045.02 NOTE
r-devel-linux-x86_64-fedora-gcc 0.1.13 2265.11 NOTE
r-devel-windows-x86_64 0.1.13 784.00 333.00 1117.00 NOTE
r-patched-linux-x86_64 0.1.13 1080.06 261.58 1341.64 NOTE
r-release-linux-x86_64 0.1.13 962.44 250.70 1213.14 NOTE
r-release-macos-arm64 0.1.13 486.00 NOTE
r-release-macos-x86_64 0.1.13 791.00 NOTE
r-release-windows-x86_64 0.1.13 790.00 326.00 1116.00 NOTE
r-oldrel-macos-arm64 0.1.13 463.00 NOTE
r-oldrel-macos-x86_64 0.1.13 577.00 NOTE
r-oldrel-windows-ix86+x86_64 0.1.13 2802.00 423.00 3225.00 NOTE

Check Details

Version: 0.1.13
Check: for GNU extensions in Makefiles
Result: NOTE
    GNU make is a SystemRequirements.
Flavors: r-devel-linux-x86_64-debian-clang, r-devel-linux-x86_64-debian-gcc, r-devel-linux-x86_64-fedora-clang, r-devel-linux-x86_64-fedora-gcc, r-devel-windows-x86_64, r-patched-linux-x86_64, r-release-linux-x86_64, r-release-macos-arm64, r-release-macos-x86_64, r-release-windows-x86_64, r-oldrel-macos-arm64, r-oldrel-macos-x86_64, r-oldrel-windows-ix86+x86_64

Version: 0.1.13
Check: installed package size
Result: NOTE
     installed size is 108.4Mb
     sub-directories of 1Mb or more:
     libs 108.0Mb
Flavors: r-devel-linux-x86_64-fedora-clang, r-devel-windows-x86_64, r-release-macos-arm64, r-release-macos-x86_64, r-release-windows-x86_64, r-oldrel-macos-arm64, r-oldrel-macos-x86_64, r-oldrel-windows-ix86+x86_64

Version: 0.1.13
Check: dependencies in R code
Result: NOTE
    Namespaces in Imports field not imported from:
     ‘RcppParallel’ ‘rstantools’
     All declared Imports should be used.
Flavors: r-devel-linux-x86_64-fedora-clang, r-devel-linux-x86_64-fedora-gcc, r-release-macos-arm64, r-release-macos-x86_64, r-oldrel-macos-arm64, r-oldrel-macos-x86_64