CRAN Package Check Results for Package rkvo

Last updated on 2020-10-26 03:48:33 CET.

Flavor Version Tinstall Tcheck Ttotal Status Flags
r-devel-linux-x86_64-debian-clang 0.1 19.46 23.51 42.97 OK
r-devel-linux-x86_64-debian-gcc 0.1 13.58 18.57 32.15 OK
r-devel-linux-x86_64-fedora-clang 0.1 67.98 NOTE
r-devel-linux-x86_64-fedora-gcc 0.1 53.27 NOTE
r-devel-windows-ix86+x86_64 0.1 47.00 70.00 117.00 OK
r-patched-linux-x86_64 0.1 17.00 22.59 39.59 OK
r-patched-solaris-x86 0.1 63.90 OK
r-release-linux-x86_64 0.1 17.19 22.19 39.38 OK
r-release-macos-x86_64 0.1 OK
r-release-windows-ix86+x86_64 0.1 31.00 54.00 85.00 OK
r-oldrel-macos-x86_64 0.1 OK
r-oldrel-windows-ix86+x86_64 0.1 42.00 50.00 92.00 OK

Check Details

Version: 0.1
Check: compiled code
Result: NOTE
    File ‘rkvo/libs/rkvo.so’:
     Found no calls to: ‘R_registerRoutines’, ‘R_useDynamicSymbols’
    
    It is good practice to register native routines and to disable symbol
    search.
    
    See ‘Writing portable packages’ in the ‘Writing R Extensions’ manual.
Flavors: r-devel-linux-x86_64-fedora-clang, r-devel-linux-x86_64-fedora-gcc