CRAN Package Check Results for Package rjtools

Last updated on 2024-07-25 04:50:02 CEST.

Flavor Version Tinstall Tcheck Ttotal Status Flags
r-devel-linux-x86_64-debian-clang 1.0.13 6.53 68.83 75.36 OK
r-devel-linux-x86_64-debian-gcc 1.0.13 5.37 52.99 58.36 NOTE
r-devel-linux-x86_64-fedora-clang 1.0.13 107.82 OK
r-devel-linux-x86_64-fedora-gcc 1.0.13 110.98 OK
r-devel-windows-x86_64 1.0.13 10.00 74.00 84.00 NOTE
r-patched-linux-x86_64 1.0.13 12.19 65.85 78.04 OK
r-release-linux-x86_64 1.0.13 6.98 66.25 73.23 OK
r-release-macos-arm64 1.0.13 44.00 OK
r-release-macos-x86_64 1.0.13 61.00 OK
r-release-windows-x86_64 1.0.13 8.00 73.00 81.00 OK
r-oldrel-macos-arm64 1.0.13 48.00 OK
r-oldrel-macos-x86_64 1.0.13 76.00 OK
r-oldrel-windows-x86_64 1.0.13 9.00 79.00 88.00 OK

Check Details

Version: 1.0.13
Check: Rd cross-references
Result: NOTE Found the following Rd file(s) with Rd \link{} targets missing package anchors: log_error.Rd: glue Please provide package anchors for all Rd \link{} targets not in the package itself and the base packages. Flavors: r-devel-linux-x86_64-debian-gcc, r-devel-windows-x86_64