CRAN Package Check Results for Package rjstat

Last updated on 2021-09-19 03:51:27 CEST.

Flavor Version Tinstall Tcheck Ttotal Status Flags
r-devel-linux-x86_64-debian-clang 0.4.1 2.85 31.23 34.08 OK
r-devel-linux-x86_64-debian-gcc 0.4.1 2.11 24.21 26.32 OK
r-devel-linux-x86_64-fedora-clang 0.4.1 49.15 OK
r-devel-linux-x86_64-fedora-gcc 0.4.1 38.54 OK
r-devel-windows-x86_64 0.4.1 4.00 51.00 55.00 OK
r-devel-windows-x86_64-gcc10-UCRT 0.4.1 ERROR
r-patched-linux-x86_64 0.4.1 2.84 29.78 32.62 OK
r-patched-solaris-x86 0.4.1 60.60 OK
r-release-linux-x86_64 0.4.1 2.18 30.43 32.61 OK
r-release-macos-arm64 0.4.1 OK
r-release-macos-x86_64 0.4.1 OK
r-release-windows-ix86+x86_64 0.4.1 5.00 39.00 44.00 OK
r-oldrel-macos-x86_64 0.4.1 OK
r-oldrel-windows-ix86+x86_64 0.4.1 7.00 37.00 44.00 OK

Check Details

Version: 0.4.1
Check: whether package can be installed
Result: WARN
    Found the following significant warnings:
     WARNING: installation-time patches will not be applied, could not get the patches index
Flavor: r-devel-windows-x86_64-gcc10-UCRT

Version: 0.4.1
Check: PDF version of manual
Result: WARN
    LaTeX errors when creating PDF version.
    This typically indicates Rd problems.
Flavor: r-devel-windows-x86_64-gcc10-UCRT

Version: 0.4.1
Check: PDF version of manual without hyperrefs or index
Result: ERROR
    Re-running with no redirection of stdout/stderr.
Flavor: r-devel-windows-x86_64-gcc10-UCRT