CRAN Package Check Results for Package rjdmarkdown

Last updated on 2021-09-27 03:48:40 CEST.

Flavor Version Tinstall Tcheck Ttotal Status Flags
r-devel-linux-x86_64-debian-clang 0.2.0 6.39 102.27 108.66 NOTE
r-devel-linux-x86_64-debian-gcc 0.2.0 4.67 81.17 85.84 NOTE
r-devel-linux-x86_64-fedora-clang 0.2.0 144.83 NOTE
r-devel-linux-x86_64-fedora-gcc 0.2.0 134.38 NOTE
r-devel-windows-x86_64 0.2.0 11.00 93.00 104.00 NOTE
r-devel-windows-x86_64-gcc10-UCRT 0.2.0 NOTE
r-patched-linux-x86_64 0.2.0 5.71 115.15 120.86 NOTE
r-release-linux-x86_64 0.2.0 6.30 114.83 121.13 NOTE
r-release-macos-arm64 0.2.0 NOTE
r-release-macos-x86_64 0.2.0 NOTE
r-release-windows-ix86+x86_64 0.2.0 15.00 94.00 109.00 NOTE
r-oldrel-macos-x86_64 0.2.0 OK
r-oldrel-windows-ix86+x86_64 0.2.0 13.00 85.00 98.00 OK

Additional issues

M1mac

Check Details

Version: 0.2.0
Check: LazyData
Result: NOTE
     'LazyData' is specified without a 'data' directory
Flavors: r-devel-linux-x86_64-debian-clang, r-devel-linux-x86_64-debian-gcc, r-devel-linux-x86_64-fedora-clang, r-devel-linux-x86_64-fedora-gcc, r-devel-windows-x86_64, r-devel-windows-x86_64-gcc10-UCRT, r-patched-linux-x86_64, r-release-linux-x86_64, r-release-macos-arm64, r-release-macos-x86_64, r-release-windows-ix86+x86_64