Last updated on 2021-01-26 15:49:55 CET.
Flavor | Version | Tinstall | Tcheck | Ttotal | Status | Flags |
---|---|---|---|---|---|---|
r-devel-linux-x86_64-debian-clang | 0.2.0 | 12.16 | 93.24 | 105.40 | OK | |
r-devel-linux-x86_64-debian-gcc | 0.2.0 | 10.26 | 69.31 | 79.57 | OK | |
r-devel-linux-x86_64-fedora-clang | 0.2.0 | 133.40 | OK | |||
r-devel-linux-x86_64-fedora-gcc | 0.2.0 | 124.96 | OK | |||
r-devel-windows-ix86+x86_64 | 0.2.0 | 21.00 | 104.00 | 125.00 | OK | |
r-patched-linux-x86_64 | 0.2.0 | 11.80 | 85.62 | 97.42 | OK | |
r-patched-solaris-x86 | 0.2.0 | 144.60 | NOTE | |||
r-release-linux-x86_64 | 0.2.0 | 11.82 | 86.79 | 98.61 | OK | |
r-release-macos-x86_64 | 0.2.0 | OK | ||||
r-release-windows-ix86+x86_64 | 0.2.0 | 21.00 | 102.00 | 123.00 | OK | |
r-oldrel-macos-x86_64 | 0.2.0 | OK | ||||
r-oldrel-windows-ix86+x86_64 | 0.2.0 | 15.00 | 114.00 | 129.00 | OK |
Version: 0.2.0
Check: installed package size
Result: NOTE
installed size is 5.1Mb
sub-directories of 1Mb or more:
doc 3.3Mb
Flavor: r-patched-solaris-x86