CRAN Package Check Results for Package rijkspalette

Last updated on 2020-09-22 16:02:38 CEST.

Flavor Version Tinstall Tcheck Ttotal Status Flags
r-devel-linux-x86_64-debian-clang 1.0.1 2.11 20.51 22.62 OK
r-devel-linux-x86_64-debian-gcc 1.0.1 1.59 16.59 18.18 OK
r-devel-linux-x86_64-fedora-clang 1.0.1 37.10 NOTE
r-devel-linux-x86_64-fedora-gcc 1.0.1 27.13 NOTE
r-devel-windows-ix86+x86_64 1.0.1 6.00 32.00 38.00 OK
r-patched-linux-x86_64 1.0.1 2.10 20.27 22.37 OK
r-patched-solaris-x86 1.0.1 43.20 NOTE
r-release-linux-x86_64 1.0.1 1.93 20.29 22.22 OK
r-release-macos-x86_64 1.0.1 NOTE
r-release-windows-ix86+x86_64 1.0.1 6.00 32.00 38.00 OK
r-oldrel-macos-x86_64 1.0.1 NOTE
r-oldrel-windows-ix86+x86_64 1.0.1 3.00 39.00 42.00 OK

Check Details

Version: 1.0.1
Check: dependencies in R code
Result: NOTE
    Namespace in Imports field not imported from: ‘curl’
     All declared Imports should be used.
Flavors: r-devel-linux-x86_64-fedora-clang, r-devel-linux-x86_64-fedora-gcc, r-patched-solaris-x86, r-release-macos-x86_64, r-oldrel-macos-x86_64