CRAN Package Check Results for Package rhmmer

Last updated on 2021-04-11 15:47:01 CEST.

Flavor Version Tinstall Tcheck Ttotal Status Flags
r-devel-linux-x86_64-debian-clang 0.1.0 2.08 27.44 29.52 NOTE
r-devel-linux-x86_64-debian-gcc 0.1.0 1.66 21.53 23.19 NOTE
r-devel-linux-x86_64-fedora-clang 0.1.0 45.53 NOTE
r-devel-linux-x86_64-fedora-gcc 0.1.0 32.85 NOTE
r-devel-windows-ix86+x86_64 0.1.0 4.00 34.00 38.00 NOTE
r-devel-windows-x86_64-gcc10-UCRT 0.1.0 NOTE
r-patched-linux-x86_64 0.1.0 1.93 26.30 28.23 OK
r-patched-solaris-x86 0.1.0 53.30 NOTE
r-release-linux-x86_64 0.1.0 2.08 26.48 28.56 OK
r-release-macos-x86_64 0.1.0 NOTE
r-release-windows-ix86+x86_64 0.1.0 23.00 43.00 66.00 OK
r-oldrel-macos-x86_64 0.1.0 NOTE
r-oldrel-windows-ix86+x86_64 0.1.0 3.00 32.00 35.00 OK

Check Details

Version: 0.1.0
Check: LazyData
Result: NOTE
     'LazyData' is specified without a 'data' directory
Flavors: r-devel-linux-x86_64-debian-clang, r-devel-linux-x86_64-debian-gcc, r-devel-linux-x86_64-fedora-clang, r-devel-linux-x86_64-fedora-gcc, r-devel-windows-ix86+x86_64, r-devel-windows-x86_64-gcc10-UCRT

Version: 0.1.0
Check: dependencies in R code
Result: NOTE
    Namespace in Imports field not imported from: ‘dplyr’
     All declared Imports should be used.
Flavors: r-devel-linux-x86_64-fedora-clang, r-devel-linux-x86_64-fedora-gcc, r-devel-windows-x86_64-gcc10-UCRT, r-patched-solaris-x86, r-release-macos-x86_64, r-oldrel-macos-x86_64