CRAN Package Check Results for Package rhandsontable

Last updated on 2020-09-30 15:48:07 CEST.

Flavor Version Tinstall Tcheck Ttotal Status Flags
r-devel-linux-x86_64-debian-clang 0.3.7 4.12 59.18 63.30 OK
r-devel-linux-x86_64-debian-gcc 0.3.7 2.94 45.03 47.97 OK
r-devel-linux-x86_64-fedora-clang 0.3.7 83.80 NOTE
r-devel-linux-x86_64-fedora-gcc 0.3.7 72.85 OK
r-devel-windows-ix86+x86_64 0.3.7 13.00 65.00 78.00 NOTE
r-patched-linux-x86_64 0.3.7 3.56 56.40 59.96 OK
r-patched-solaris-x86 0.3.7 81.00 WARN
r-release-linux-x86_64 0.3.7 3.78 56.53 60.31 OK
r-release-macos-x86_64 0.3.7 WARN
r-release-windows-ix86+x86_64 0.3.7 14.00 92.00 106.00 NOTE
r-oldrel-macos-x86_64 0.3.7 WARN
r-oldrel-windows-ix86+x86_64 0.3.7 17.00 83.00 100.00 NOTE

Check Details

Version: 0.3.7
Check: installed package size
Result: NOTE
     installed size is 11.5Mb
     sub-directories of 1Mb or more:
     doc 10.2Mb
     htmlwidgets 1.2Mb
Flavors: r-devel-linux-x86_64-fedora-clang, r-devel-windows-ix86+x86_64, r-patched-solaris-x86, r-release-macos-x86_64, r-release-windows-ix86+x86_64, r-oldrel-macos-x86_64, r-oldrel-windows-ix86+x86_64

Version: 0.3.7
Check: re-building of vignette outputs
Result: WARN
    Error(s) in re-building vignettes:
     ...
    --- re-building ‘intro_rhandsontable.Rmd’ using rmarkdown
    Warning in engine$weave(file, quiet = quiet, encoding = enc) :
     Pandoc (>= 1.12.3) and/or pandoc-citeproc not available. Falling back to R Markdown v1.
    Quitting from lines 34-47 (intro_rhandsontable.Rmd)
    Error: processing vignette 'intro_rhandsontable.Rmd' failed with diagnostics:
    there is no package called 'webshot'
    --- failed re-building ‘intro_rhandsontable.Rmd’
    
    SUMMARY: processing the following file failed:
     ‘intro_rhandsontable.Rmd’
    
    Error: Vignette re-building failed.
    Execution halted
Flavor: r-patched-solaris-x86

Version: 0.3.7
Check: re-building of vignette outputs
Result: WARN
    Error(s) in re-building vignettes:
     ...
    --- re-building ‘intro_rhandsontable.Rmd’ using rmarkdown
    Warning in engine$weave(file, quiet = quiet, encoding = enc) :
     Pandoc (>= 1.12.3) and/or pandoc-citeproc not available. Falling back to R Markdown v1.
    Quitting from lines 34-47 (intro_rhandsontable.Rmd)
    Error: processing vignette 'intro_rhandsontable.Rmd' failed with diagnostics:
    cannot open the connection
    --- failed re-building ‘intro_rhandsontable.Rmd’
    
    SUMMARY: processing the following file failed:
     ‘intro_rhandsontable.Rmd’
    
    Error: Vignette re-building failed.
    Execution halted
Flavors: r-release-macos-x86_64, r-oldrel-macos-x86_64