Last updated on 2022-08-08 03:55:52 CEST.
Flavor | Version | Tinstall | Tcheck | Ttotal | Status | Flags |
---|---|---|---|---|---|---|
r-devel-linux-x86_64-debian-clang | 0.3.8 | 4.70 | 77.60 | 82.30 | OK | |
r-devel-linux-x86_64-debian-gcc | 0.3.8 | 3.63 | 59.48 | 63.11 | OK | |
r-devel-linux-x86_64-fedora-clang | 0.3.8 | 103.86 | NOTE | |||
r-devel-linux-x86_64-fedora-gcc | 0.3.8 | 100.79 | OK | |||
r-devel-windows-x86_64 | 0.3.8 | 63.00 | 119.00 | 182.00 | NOTE | |
r-patched-linux-x86_64 | 0.3.8 | 5.27 | 73.27 | 78.54 | OK | |
r-release-linux-x86_64 | 0.3.8 | OK | ||||
r-release-macos-arm64 | 0.3.8 | 36.00 | NOTE | |||
r-release-macos-x86_64 | 0.3.8 | 46.00 | NOTE | |||
r-release-windows-x86_64 | 0.3.8 | 79.00 | 112.00 | 191.00 | NOTE | |
r-oldrel-macos-arm64 | 0.3.8 | 701.00 | NOTE | |||
r-oldrel-macos-x86_64 | 0.3.8 | 52.00 | NOTE | |||
r-oldrel-windows-ix86+x86_64 | 0.3.8 | 15.00 | 94.00 | 109.00 | NOTE |
Version: 0.3.8
Check: installed package size
Result: NOTE
installed size is 11.7Mb
sub-directories of 1Mb or more:
doc 10.3Mb
htmlwidgets 1.3Mb
Flavors: r-devel-linux-x86_64-fedora-clang, r-devel-windows-x86_64, r-release-macos-arm64, r-release-macos-x86_64, r-release-windows-x86_64, r-oldrel-macos-arm64, r-oldrel-macos-x86_64, r-oldrel-windows-ix86+x86_64