CRAN Package Check Results for Package rglwidget

Last updated on 2023-01-29 16:55:08 CET.

Flavor Version Tinstall Tcheck Ttotal Status Flags
r-devel-linux-x86_64-debian-clang 0.2.1 3.46 30.17 33.63 NOTE
r-devel-linux-x86_64-debian-gcc 0.2.1 2.85 24.32 27.17 NOTE
r-devel-linux-x86_64-fedora-clang 0.2.1 42.59 NOTE
r-devel-linux-x86_64-fedora-gcc 0.2.1 44.02 NOTE
r-devel-windows-x86_64 0.2.1 14.00 60.00 74.00 NOTE
r-patched-linux-x86_64 0.2.1 2.15 31.00 33.15 NOTE
r-release-linux-x86_64 0.2.1 2.68 30.26 32.94 NOTE
r-release-macos-arm64 0.2.1 19.00 NOTE
r-release-macos-x86_64 0.2.1 24.00 NOTE
r-release-windows-x86_64 0.2.1 8.00 59.00 67.00 NOTE
r-oldrel-macos-arm64 0.2.1 26.00 NOTE
r-oldrel-macos-x86_64 0.2.1 34.00 NOTE
r-oldrel-windows-ix86+x86_64 0.2.1 8.00 55.00 63.00 NOTE

Check Details

Version: 0.2.1
Check: LazyData
Result: NOTE
     'LazyData' is specified without a 'data' directory
Flavors: r-devel-linux-x86_64-debian-clang, r-devel-linux-x86_64-debian-gcc, r-devel-linux-x86_64-fedora-clang, r-devel-linux-x86_64-fedora-gcc, r-devel-windows-x86_64, r-patched-linux-x86_64, r-release-linux-x86_64, r-release-macos-arm64, r-release-macos-x86_64, r-release-windows-x86_64, r-oldrel-macos-arm64, r-oldrel-macos-x86_64, r-oldrel-windows-ix86+x86_64