CRAN Package Check Results for Package rgl

Last updated on 2022-11-28 02:55:44 CET.

Flavor Version Tinstall Tcheck Ttotal Status Flags
r-devel-linux-x86_64-debian-clang 0.110.2 117.34 253.92 371.26 WARN
r-devel-linux-x86_64-debian-gcc 0.110.2 91.31 185.78 277.09 WARN
r-devel-linux-x86_64-fedora-clang 0.110.2 562.67 WARN
r-devel-linux-x86_64-fedora-gcc 0.110.2 453.58 WARN
r-devel-windows-x86_64 0.110.2 258.00 320.00 578.00 NOTE
r-patched-linux-x86_64 0.110.2 104.86 235.23 340.09 OK
r-release-linux-x86_64 0.110.2 106.15 221.94 328.09 OK
r-release-macos-arm64 0.110.2 126.00 NOTE
r-release-macos-x86_64 0.110.2 132.00 NOTE --no-build-vignettes
r-release-windows-x86_64 0.110.2 253.00 312.00 565.00 NOTE
r-oldrel-macos-arm64 0.110.2 125.00 NOTE
r-oldrel-macos-x86_64 0.110.2 135.00 NOTE --no-build-vignettes
r-oldrel-windows-ix86+x86_64 0.110.2 359.00 338.00 697.00 NOTE

Additional issues

clang-UBSAN M1mac

Check Details

Version: 0.110.2
Check: whether package can be installed
Result: WARN
    Found the following significant warnings:
     ./gl2ps.h:254:38: warning: a function declaration without a prototype is deprecated in all versions of C [-Wstrict-prototypes]
     gl2ps.c:6479:38: warning: a function declaration without a prototype is deprecated in all versions of C [-Wstrict-prototypes]
Flavors: r-devel-linux-x86_64-debian-clang, r-devel-linux-x86_64-fedora-clang

Version: 0.110.2
Check: whether package can be installed
Result: WARN
    Found the following significant warnings:
     gl2ps.h:254:1: warning: function declaration isn’t a prototype [-Wstrict-prototypes]
     gl2ps.c:6479:20: warning: function declaration isn’t a prototype [-Wstrict-prototypes]
Flavors: r-devel-linux-x86_64-debian-gcc, r-devel-linux-x86_64-fedora-gcc

Version: 0.110.2
Check: installed package size
Result: NOTE
     installed size is 6.1Mb
     sub-directories of 1Mb or more:
     doc 1.1Mb
     fonts 1.5Mb
Flavors: r-devel-linux-x86_64-fedora-clang, r-devel-windows-x86_64, r-release-macos-arm64, r-release-windows-x86_64, r-oldrel-macos-arm64, r-oldrel-windows-ix86+x86_64

Version: 0.110.2
Flags: --no-build-vignettes
Check: installed package size
Result: NOTE
     installed size is 25.4Mb
     sub-directories of 1Mb or more:
     doc 1.1Mb
     fonts 1.5Mb
     libs 19.6Mb
Flavors: r-release-macos-x86_64, r-oldrel-macos-x86_64