CRAN Package Check Results for Package rgenius

Last updated on 2023-02-01 03:54:26 CET.

Flavor Version Tinstall Tcheck Ttotal Status Flags
r-devel-linux-x86_64-debian-clang 0.1.0 5.37 42.31 47.68 NOTE
r-devel-linux-x86_64-debian-gcc 0.1.0 4.13 32.31 36.44 NOTE
r-devel-linux-x86_64-fedora-clang 0.1.0 65.10 NOTE
r-devel-linux-x86_64-fedora-gcc 0.1.0 69.08 NOTE
r-devel-windows-x86_64 0.1.0 19.00 78.00 97.00 NOTE
r-patched-linux-x86_64 0.1.0 4.38 46.53 50.91 NOTE
r-release-linux-x86_64 0.1.0 4.84 47.48 52.32 NOTE
r-release-macos-arm64 0.1.0 22.00 NOTE
r-release-macos-x86_64 0.1.0 41.00 NOTE
r-release-windows-x86_64 0.1.0 18.00 78.00 96.00 NOTE
r-oldrel-macos-arm64 0.1.0 25.00 NOTE
r-oldrel-macos-x86_64 0.1.0 36.00 NOTE
r-oldrel-windows-ix86+x86_64 0.1.0 14.00 70.00 84.00 NOTE

Check Details

Version: 0.1.0
Check: LazyData
Result: NOTE
     'LazyData' is specified without a 'data' directory
Flavors: r-devel-linux-x86_64-debian-clang, r-devel-linux-x86_64-debian-gcc, r-devel-linux-x86_64-fedora-clang, r-devel-linux-x86_64-fedora-gcc, r-devel-windows-x86_64, r-patched-linux-x86_64, r-release-linux-x86_64, r-release-macos-arm64, r-release-macos-x86_64, r-release-windows-x86_64, r-oldrel-macos-arm64, r-oldrel-macos-x86_64, r-oldrel-windows-ix86+x86_64