CRAN Package Check Results for Package rgee

Last updated on 2024-06-18 15:49:32 CEST.

Flavor Version Tinstall Tcheck Ttotal Status Flags
r-devel-linux-x86_64-debian-clang 1.1.7 29.08 161.47 190.55 NOTE
r-devel-linux-x86_64-debian-gcc 1.1.7 22.86 119.50 142.36 NOTE
r-devel-linux-x86_64-fedora-clang 1.1.7 237.84 NOTE
r-devel-linux-x86_64-fedora-gcc 1.1.7 237.84 NOTE
r-devel-windows-x86_64 1.1.7 25.00 145.00 170.00 NOTE
r-patched-linux-x86_64 1.1.7 36.59 156.95 193.54 NOTE
r-release-linux-x86_64 1.1.7 27.34 153.47 180.81 NOTE
r-release-macos-arm64 1.1.7 77.00 NOTE
r-release-macos-x86_64 1.1.7 124.00 NOTE
r-release-windows-x86_64 1.1.7 25.00 149.00 174.00 NOTE
r-oldrel-macos-arm64 1.1.7 105.00 NOTE
r-oldrel-macos-x86_64 1.1.7 198.00 NOTE
r-oldrel-windows-x86_64 1.1.7 34.00 177.00 211.00 NOTE

Check Details

Version: 1.1.7
Check: Rd files
Result: NOTE checkRd: (-1) ee_Authenticate.Rd:40: Lost braces in \itemize; meant \describe ? checkRd: (-1) ee_Authenticate.Rd:41: Lost braces in \itemize; meant \describe ? checkRd: (-1) ee_Authenticate.Rd:42: Lost braces in \itemize; meant \describe ? checkRd: (-1) ee_Authenticate.Rd:43: Lost braces in \itemize; meant \describe ? checkRd: (-1) ee_Authenticate.Rd:44: Lost braces in \itemize; meant \describe ? checkRd: (-1) ee_Initialize.Rd:49: Lost braces in \itemize; meant \describe ? checkRd: (-1) ee_Initialize.Rd:50: Lost braces in \itemize; meant \describe ? checkRd: (-1) ee_Initialize.Rd:51: Lost braces in \itemize; meant \describe ? checkRd: (-1) ee_Initialize.Rd:52: Lost braces in \itemize; meant \describe ? checkRd: (-1) ee_Initialize.Rd:53: Lost braces in \itemize; meant \describe ? checkRd: (-1) ee_as_rast.Rd:81-83: Lost braces in \itemize; meant \describe ? checkRd: (-1) ee_as_rast.Rd:84-89: Lost braces in \itemize; meant \describe ? checkRd: (-1) ee_as_rast.Rd:90-114: Lost braces in \itemize; meant \describe ? checkRd: (-1) ee_as_rast.Rd:95: Lost braces in \itemize; meant \describe ? checkRd: (-1) ee_as_rast.Rd:96: Lost braces in \itemize; meant \describe ? checkRd: (-1) ee_as_rast.Rd:97: Lost braces in \itemize; meant \describe ? checkRd: (-1) ee_as_rast.Rd:98: Lost braces in \itemize; meant \describe ? checkRd: (-1) ee_as_rast.Rd:104: Lost braces in \itemize; meant \describe ? checkRd: (-1) ee_as_rast.Rd:105: Lost braces in \itemize; meant \describe ? checkRd: (-1) ee_as_rast.Rd:106: Lost braces in \itemize; meant \describe ? checkRd: (-1) ee_as_rast.Rd:107: Lost braces in \itemize; meant \describe ? checkRd: (-1) ee_as_rast.Rd:108: Lost braces in \itemize; meant \describe ? checkRd: (-1) ee_as_rast.Rd:109: Lost braces in \itemize; meant \describe ? checkRd: (-1) ee_as_raster.Rd:76-78: Lost braces in \itemize; meant \describe ? checkRd: (-1) ee_as_raster.Rd:79-84: Lost braces in \itemize; meant \describe ? checkRd: (-1) ee_as_raster.Rd:85-108: Lost braces in \itemize; meant \describe ? checkRd: (-1) ee_as_raster.Rd:90: Lost braces in \itemize; meant \describe ? checkRd: (-1) ee_as_raster.Rd:91: Lost braces in \itemize; meant \describe ? checkRd: (-1) ee_as_raster.Rd:92: Lost braces in \itemize; meant \describe ? checkRd: (-1) ee_as_raster.Rd:93: Lost braces in \itemize; meant \describe ? checkRd: (-1) ee_as_raster.Rd:99: Lost braces in \itemize; meant \describe ? checkRd: (-1) ee_as_raster.Rd:100: Lost braces in \itemize; meant \describe ? checkRd: (-1) ee_as_raster.Rd:101: Lost braces in \itemize; meant \describe ? checkRd: (-1) ee_as_raster.Rd:102: Lost braces in \itemize; meant \describe ? checkRd: (-1) ee_as_raster.Rd:103: Lost braces in \itemize; meant \describe ? checkRd: (-1) ee_as_raster.Rd:104: Lost braces in \itemize; meant \describe ? checkRd: (-1) ee_as_sf.Rd:86-88: Lost braces in \itemize; meant \describe ? checkRd: (-1) ee_as_sf.Rd:89-94: Lost braces in \itemize; meant \describe ? checkRd: (-1) ee_as_sf.Rd:95-118: Lost braces in \itemize; meant \describe ? checkRd: (-1) ee_as_sf.Rd:100: Lost braces in \itemize; meant \describe ? checkRd: (-1) ee_as_sf.Rd:101: Lost braces in \itemize; meant \describe ? checkRd: (-1) ee_as_sf.Rd:102: Lost braces in \itemize; meant \describe ? checkRd: (-1) ee_as_sf.Rd:103: Lost braces in \itemize; meant \describe ? checkRd: (-1) ee_as_sf.Rd:109: Lost braces in \itemize; meant \describe ? checkRd: (-1) ee_as_sf.Rd:110: Lost braces in \itemize; meant \describe ? checkRd: (-1) ee_as_sf.Rd:111: Lost braces in \itemize; meant \describe ? checkRd: (-1) ee_as_sf.Rd:112: Lost braces in \itemize; meant \describe ? checkRd: (-1) ee_as_sf.Rd:113: Lost braces in \itemize; meant \describe ? checkRd: (-1) ee_as_sf.Rd:114: Lost braces in \itemize; meant \describe ? checkRd: (-1) ee_as_stars.Rd:82-84: Lost braces in \itemize; meant \describe ? checkRd: (-1) ee_as_stars.Rd:85-90: Lost braces in \itemize; meant \describe ? checkRd: (-1) ee_as_stars.Rd:91-114: Lost braces in \itemize; meant \describe ? checkRd: (-1) ee_as_stars.Rd:96: Lost braces in \itemize; meant \describe ? checkRd: (-1) ee_as_stars.Rd:97: Lost braces in \itemize; meant \describe ? checkRd: (-1) ee_as_stars.Rd:98: Lost braces in \itemize; meant \describe ? checkRd: (-1) ee_as_stars.Rd:99: Lost braces in \itemize; meant \describe ? checkRd: (-1) ee_as_stars.Rd:105: Lost braces in \itemize; meant \describe ? checkRd: (-1) ee_as_stars.Rd:106: Lost braces in \itemize; meant \describe ? checkRd: (-1) ee_as_stars.Rd:107: Lost braces in \itemize; meant \describe ? checkRd: (-1) ee_as_stars.Rd:108: Lost braces in \itemize; meant \describe ? checkRd: (-1) ee_as_stars.Rd:109: Lost braces in \itemize; meant \describe ? checkRd: (-1) ee_as_stars.Rd:110: Lost braces in \itemize; meant \describe ? checkRd: (-1) ee_drive_to_local.Rd:60: Lost braces in \itemize; meant \describe ? checkRd: (-1) ee_drive_to_local.Rd:61: Lost braces in \itemize; meant \describe ? checkRd: (-1) ee_drive_to_local.Rd:62: Lost braces in \itemize; meant \describe ? checkRd: (-1) ee_drive_to_local.Rd:63: Lost braces in \itemize; meant \describe ? checkRd: (-1) ee_gcs_to_local.Rd:53: Lost braces in \itemize; meant \describe ? checkRd: (-1) ee_gcs_to_local.Rd:54: Lost braces in \itemize; meant \describe ? checkRd: (-1) ee_gcs_to_local.Rd:55: Lost braces in \itemize; meant \describe ? checkRd: (-1) ee_gcs_to_local.Rd:56: Lost braces in \itemize; meant \describe ? checkRd: (-1) ee_gcs_to_local.Rd:57: Lost braces in \itemize; meant \describe ? checkRd: (-1) ee_gcs_to_local.Rd:58: Lost braces in \itemize; meant \describe ? checkRd: (-1) ee_imagecollection_to_local.Rd:80-82: Lost braces in \itemize; meant \describe ? checkRd: (-1) ee_imagecollection_to_local.Rd:83-88: Lost braces in \itemize; meant \describe ? checkRd: (-1) ee_imagecollection_to_local.Rd:89-111: Lost braces in \itemize; meant \describe ? checkRd: (-1) ee_imagecollection_to_local.Rd:94: Lost braces in \itemize; meant \describe ? checkRd: (-1) ee_imagecollection_to_local.Rd:95: Lost braces in \itemize; meant \describe ? checkRd: (-1) ee_imagecollection_to_local.Rd:96: Lost braces in \itemize; meant \describe ? checkRd: (-1) ee_imagecollection_to_local.Rd:97: Lost braces in \itemize; meant \describe ? checkRd: (-1) ee_imagecollection_to_local.Rd:103: Lost braces in \itemize; meant \describe ? checkRd: (-1) ee_imagecollection_to_local.Rd:104: Lost braces in \itemize; meant \describe ? checkRd: (-1) ee_imagecollection_to_local.Rd:105: Lost braces in \itemize; meant \describe ? checkRd: (-1) ee_imagecollection_to_local.Rd:106: Lost braces in \itemize; meant \describe ? checkRd: (-1) ee_imagecollection_to_local.Rd:107: Lost braces in \itemize; meant \describe ? checkRd: (-1) ee_imagecollection_to_local.Rd:108: Lost braces in \itemize; meant \describe ? checkRd: (-1) ee_install.Rd:35-37: Lost braces in \itemize; meant \describe ? checkRd: (-1) ee_install.Rd:38-39: Lost braces in \itemize; meant \describe ? checkRd: (-1) ee_install.Rd:40: Lost braces in \itemize; meant \describe ? checkRd: (-1) ee_install.Rd:41-44: Lost braces in \itemize; meant \describe ? checkRd: (-1) ee_install.Rd:45: Lost braces in \itemize; meant \describe ? checkRd: (-1) ee_install.Rd:46: Lost braces in \itemize; meant \describe ? Flavors: r-devel-linux-x86_64-debian-clang, r-devel-linux-x86_64-debian-gcc, r-devel-linux-x86_64-fedora-clang, r-devel-linux-x86_64-fedora-gcc, r-devel-windows-x86_64, r-patched-linux-x86_64, r-release-linux-x86_64, r-release-macos-arm64, r-release-macos-x86_64, r-release-windows-x86_64

Version: 1.1.7
Check: installed package size
Result: NOTE installed size is 8.4Mb sub-directories of 1Mb or more: doc 7.0Mb Flavors: r-devel-linux-x86_64-fedora-clang, r-devel-windows-x86_64, r-release-macos-arm64, r-release-macos-x86_64, r-release-windows-x86_64, r-oldrel-macos-arm64, r-oldrel-macos-x86_64, r-oldrel-windows-x86_64