CRAN Package Check Results for Package rgdax

Last updated on 2024-06-25 05:01:04 CEST.

Flavor Version Tinstall Tcheck Ttotal Status Flags
r-devel-linux-x86_64-debian-clang 1.2.1 3.46 40.57 44.03 NOTE
r-devel-linux-x86_64-debian-gcc 1.2.1 2.91 30.94 33.85 NOTE
r-devel-linux-x86_64-fedora-clang 1.2.1 56.05 NOTE
r-devel-linux-x86_64-fedora-gcc 1.2.1 51.77 NOTE
r-devel-windows-x86_64 1.2.1 4.00 53.00 57.00 NOTE
r-patched-linux-x86_64 1.2.1 4.98 39.29 44.27 NOTE
r-release-linux-x86_64 1.2.1 4.23 38.53 42.76 NOTE
r-release-macos-arm64 1.2.1 21.00 NOTE
r-release-macos-x86_64 1.2.1 29.00 NOTE
r-release-windows-x86_64 1.2.1 5.00 53.00 58.00 NOTE
r-oldrel-macos-arm64 1.2.1 22.00 NOTE
r-oldrel-macos-x86_64 1.2.1 28.00 NOTE
r-oldrel-windows-x86_64 1.2.1 5.00 56.00 61.00 NOTE

Check Details

Version: 1.2.1
Check: package subdirectories
Result: NOTE Problems with news in ‘NEWS.md’: No news entries found. Flavors: r-devel-linux-x86_64-debian-clang, r-devel-linux-x86_64-debian-gcc, r-devel-linux-x86_64-fedora-clang, r-devel-linux-x86_64-fedora-gcc, r-devel-windows-x86_64, r-patched-linux-x86_64, r-release-linux-x86_64, r-release-macos-arm64, r-release-macos-x86_64, r-release-windows-x86_64, r-oldrel-macos-arm64, r-oldrel-macos-x86_64, r-oldrel-windows-x86_64