CRAN Package Check Results for Package rgdal

Last updated on 2020-07-16 15:49:52 CEST.

Flavor Version Tinstall Tcheck Ttotal Status Flags
r-devel-linux-x86_64-debian-clang 1.5-12 46.47 110.39 156.86 WARN
r-devel-linux-x86_64-debian-gcc 1.5-12 32.16 90.34 122.50 WARN
r-devel-linux-x86_64-fedora-clang 1.5-12 205.98 WARN
r-devel-linux-x86_64-fedora-gcc 1.5-12 202.80 WARN
r-devel-windows-ix86+x86_64 1.5-12 173.00 474.00 647.00 NOTE
r-patched-linux-x86_64 1.5-12 33.79 111.46 145.25 WARN
r-patched-solaris-x86 1.5-12 229.20 WARN
r-release-linux-x86_64 1.5-12 34.12 110.62 144.74 WARN
r-release-windows-ix86+x86_64 1.5-12 164.00 470.00 634.00 NOTE
r-oldrel-macos-x86_64 1.5-12 NOTE
r-oldrel-windows-ix86+x86_64 1.5-12 139.00 597.00 736.00 NOTE

Check Details

Version: 1.5-12
Check: re-building of vignette outputs
Result: WARN
    Error(s) in re-building vignettes:
     ...
    --- re-building 'CRS_projections_transformations.Rmd' using knitr
    Quitting from lines 36-39 (CRS_projections_transformations.Rmd)
    Error: processing vignette 'CRS_projections_transformations.Rmd' failed with diagnostics:
    cannot open the connection
    --- failed re-building 'CRS_projections_transformations.Rmd'
    
    --- re-building 'PROJ6_GDAL3.Rmd' using knitr
    Warning in showSRID(SRS_string, format = "PROJ", multiline = "NO") :
     Discarded ellps WGS 84 in CRS definition: +proj=merc +a=6378137 +b=6378137 +lat_ts=0 +lon_0=0 +x_0=0 +y_0=0 +k=1 +units=m +nadgrids=@null +wktext +no_defs
    Warning in showSRID(SRS_string, format = "PROJ", multiline = "NO") :
     Discarded datum WGS_1984 in CRS definition
    Warning in showSRID(SRS_string, format = "PROJ", multiline = "NO") :
     Discarded datum European_Terrestrial_Reference_System_1989 in CRS definition
    Warning in showSRID(SRS_string, format = "PROJ", multiline = "NO") :
     Discarded ellps WGS 84 in CRS definition: +proj=merc +a=6378137 +b=6378137 +lat_ts=0 +lon_0=0 +x_0=0 +y_0=0 +k=1 +units=m +nadgrids=@null +wktext +no_defs
    Warning in showSRID(SRS_string, format = "PROJ", multiline = "NO") :
     Discarded datum WGS_1984 in CRS definition
    Warning in showSRID(SRS_string, format = "PROJ", multiline = "NO") :
     Discarded datum European_Terrestrial_Reference_System_1989 in CRS definition
    Warning in showSRID(SRS_string, format = "PROJ", multiline = "NO") :
     Discarded ellps WGS 84 in CRS definition: +proj=merc +a=6378137 +b=6378137 +lat_ts=0 +lon_0=0 +x_0=0 +y_0=0 +k=1 +units=m +nadgrids=@null +wktext +no_defs
    Warning in showSRID(SRS_string, format = "PROJ", multiline = "NO") :
     Discarded datum WGS_1984 in CRS definition
    Warning in showSRID(SRS_string, format = "PROJ", multiline = "NO") :
     Discarded datum European_Terrestrial_Reference_System_1989 in CRS definition
    Warning in showSRID(SRS_string, format = "PROJ", multiline = "NO") :
     Discarded ellps WGS 84 in CRS definition: +proj=merc +a=6378137 +b=6378137 +lat_ts=0 +lon_0=0 +x_0=0 +y_0=0 +k=1 +units=m +nadgrids=@null +wktext +no_defs
    Warning in showSRID(SRS_string, format = "PROJ", multiline = "NO") :
     Discarded datum WGS_1984 in CRS definition
    Warning in showSRID(SRS_string, format = "PROJ", multiline = "NO") :
     Discarded datum European_Terrestrial_Reference_System_1989 in CRS definition
    Warning in showSRID(SRS_string, format = "PROJ", multiline = "NO") :
     Discarded ellps WGS 84 in CRS definition: +proj=merc +a=6378137 +b=6378137 +lat_ts=0 +lon_0=0 +x_0=0 +y_0=0 +k=1 +units=m +nadgrids=@null +wktext +no_defs
    Warning in showSRID(SRS_string, format = "PROJ", multiline = "NO") :
     Discarded datum WGS_1984 in CRS definition
    Warning in showSRID(SRS_string, format = "PROJ", multiline = "NO") :
     Discarded datum European_Terrestrial_Reference_System_1989 in CRS definition
    Warning in showSRID(SRS_string, format = "PROJ", multiline = "NO") :
     Discarded ellps WGS 84 in CRS definition: +proj=merc +a=6378137 +b=6378137 +lat_ts=0 +lon_0=0 +x_0=0 +y_0=0 +k=1 +units=m +nadgrids=@null +wktext +no_defs
    Warning in showSRID(SRS_string, format = "PROJ", multiline = "NO") :
     Discarded datum WGS_1984 in CRS definition
    Warning in showSRID(SRS_string, format = "PROJ", multiline = "NO") :
     Discarded datum European_Terrestrial_Reference_System_1989 in CRS definition
    Warning in showSRID(SRS_string, format = "PROJ", multiline = "NO") :
     Discarded ellps WGS 84 in CRS definition: +proj=merc +a=6378137 +b=6378137 +lat_ts=0 +lon_0=0 +x_0=0 +y_0=0 +k=1 +units=m +nadgrids=@null +wktext +no_defs
    Warning in showSRID(SRS_string, format = "PROJ", multiline = "NO") :
     Discarded datum WGS_1984 in CRS definition
    Warning in showSRID(SRS_string, format = "PROJ", multiline = "NO") :
     Discarded datum European_Terrestrial_Reference_System_1989 in CRS definition
    Warning in showSRID(SRS_string, format = "PROJ", multiline = "NO") :
     Discarded ellps WGS 84 in CRS definition: +proj=merc +a=6378137 +b=6378137 +lat_ts=0 +lon_0=0 +x_0=0 +y_0=0 +k=1 +units=m +nadgrids=@null +wktext +no_defs
    Warning in showSRID(SRS_string, format = "PROJ", multiline = "NO") :
     Discarded datum WGS_1984 in CRS definition
    Warning in showSRID(SRS_string, format = "PROJ", multiline = "NO") :
     Discarded datum European_Terrestrial_Reference_System_1989 in CRS definition
    Warning in showSRID(uprojargs, format = "PROJ", multiline = "NO") :
     Discarded ellps WGS 84 in CRS definition: +proj=merc +a=6378137 +b=6378137 +lat_ts=0 +lon_0=0 +x_0=0 +y_0=0 +k=1 +units=m +nadgrids=@null +wktext +no_defs
    Warning in showSRID(uprojargs, format = "PROJ", multiline = "NO") :
     Discarded datum WGS_1984 in CRS definition
    Warning in showSRID(uprojargs, format = "PROJ", multiline = "NO") :
     Discarded datum European_Terrestrial_Reference_System_1989 in CRS definition
    Warning in showSRID(uprojargs, format = "PROJ", multiline = "NO") :
     Discarded ellps WGS 84 in CRS definition: +proj=merc +a=6378137 +b=6378137 +lat_ts=0 +lon_0=0 +x_0=0 +y_0=0 +k=1 +units=m +nadgrids=@null +wktext +no_defs
    Warning in showSRID(uprojargs, format = "PROJ", multiline = "NO") :
     Discarded datum WGS_1984 in CRS definition
    Warning in showSRID(uprojargs, format = "PROJ", multiline = "NO") :
     Discarded datum European_Terrestrial_Reference_System_1989 in CRS definition
    Warning in showSRID(uprojargs, format = "PROJ", multiline = "NO") :
     Discarded ellps WGS 84 in CRS definition: +proj=merc +a=6378137 +b=6378137 +lat_ts=0 +lon_0=0 +x_0=0 +y_0=0 +k=1 +units=m +nadgrids=@null +wktext +no_defs
    Warning in showSRID(uprojargs, format = "PROJ", multiline = "NO") :
     Discarded datum WGS_1984 in CRS definition
    Warning in showSRID(uprojargs, format = "PROJ", multiline = "NO") :
     Discarded datum European_Terrestrial_Reference_System_1989 in CRS definition
    Warning in showSRID(uprojargs, format = "PROJ", multiline = "NO") :
     Discarded ellps WGS 84 in CRS definition: +proj=merc +a=6378137 +b=6378137 +lat_ts=0 +lon_0=0 +x_0=0 +y_0=0 +k=1 +units=m +nadgrids=@null +wktext +no_defs
    Warning in showSRID(uprojargs, format = "PROJ", multiline = "NO") :
     Discarded datum WGS_1984 in CRS definition
    Warning in showSRID(uprojargs, format = "PROJ", multiline = "NO") :
     Discarded datum European_Terrestrial_Reference_System_1989 in CRS definition
    Warning in showSRID(uprojargs, format = "PROJ", multiline = "NO") :
     Discarded ellps WGS 84 in CRS definition: +proj=merc +a=6378137 +b=6378137 +lat_ts=0 +lon_0=0 +x_0=0 +y_0=0 +k=1 +units=m +nadgrids=@null +wktext +no_defs
    Warning in showSRID(uprojargs, format = "PROJ", multiline = "NO") :
     Discarded datum WGS_1984 in CRS definition
    Warning in showSRID(uprojargs, format = "PROJ", multiline = "NO") :
     Discarded datum European_Terrestrial_Reference_System_1989 in CRS definition
    Warning in showSRID(uprojargs, format = "PROJ", multiline = "NO") :
     Discarded ellps WGS 84 in CRS definition: +proj=merc +a=6378137 +b=6378137 +lat_ts=0 +lon_0=0 +x_0=0 +y_0=0 +k=1 +units=m +nadgrids=@null +wktext +no_defs
    Warning in showSRID(uprojargs, format = "PROJ", multiline = "NO") :
     Discarded datum WGS_1984 in CRS definition
    Warning in showSRID(uprojargs, format = "PROJ", multiline = "NO") :
     Discarded datum European_Terrestrial_Reference_System_1989 in CRS definition
    Warning in showSRID(uprojargs, format = "PROJ", multiline = "NO") :
     Discarded ellps WGS 84 in CRS definition: +proj=merc +a=6378137 +b=6378137 +lat_ts=0 +lon_0=0 +x_0=0 +y_0=0 +k=1 +units=m +nadgrids=@null +wktext +no_defs
    Warning in showSRID(uprojargs, format = "PROJ", multiline = "NO") :
     Discarded datum WGS_1984 in CRS definition
    Warning in showSRID(uprojargs, format = "PROJ", multiline = "NO") :
     Discarded datum European_Terrestrial_Reference_System_1989 in CRS definition
    Warning in showSRID(uprojargs, format = "PROJ", multiline = "NO") :
     Discarded ellps WGS 84 in CRS definition: +proj=merc +a=6378137 +b=6378137 +lat_ts=0 +lon_0=0 +x_0=0 +y_0=0 +k=1 +units=m +nadgrids=@null +wktext +no_defs
    Warning in showSRID(uprojargs, format = "PROJ", multiline = "NO") :
     Discarded datum WGS_1984 in CRS definition
    Warning in showSRID(uprojargs, format = "PROJ", multiline = "NO") :
     Discarded datum European_Terrestrial_Reference_System_1989 in CRS definition
    Warning in showSRID(SRS_string, format = "PROJ", multiline = "NO") :
     Discarded ellps WGS 84 in CRS definition: +proj=merc +a=6378137 +b=6378137 +lat_ts=0 +lon_0=0 +x_0=0 +y_0=0 +k=1 +units=m +nadgrids=@null +wktext +no_defs
    Warning in showSRID(SRS_string, format = "PROJ", multiline = "NO") :
     Discarded datum WGS_1984 in CRS definition
    Warning in showSRID(SRS_string, format = "PROJ", multiline = "NO") :
     Discarded ellps WGS 84 in CRS definition: +proj=merc +a=6378137 +b=6378137 +lat_ts=0 +lon_0=0 +x_0=0 +y_0=0 +k=1 +units=m +nadgrids=@null +wktext +no_defs
    Warning in showSRID(SRS_string, format = "PROJ", multiline = "NO") :
     Discarded datum WGS_1984 in CRS definition
    Warning in showSRID(SRS_string, format = "PROJ", multiline = "NO") :
     Discarded datum European_Terrestrial_Reference_System_1989 in CRS definition
    Warning in showSRID(SRS_string, format = "PROJ", multiline = "NO") :
     Discarded datum European_Terrestrial_Reference_System_1989 in CRS definition
    Warning in showSRID(SRS_string, format = "PROJ", multiline = "NO") :
     Discarded ellps WGS 84 in CRS definition: +proj=merc +a=6378137 +b=6378137 +lat_ts=0 +lon_0=0 +x_0=0 +y_0=0 +k=1 +units=m +nadgrids=@null +wktext +no_defs
    Warning in showSRID(SRS_string, format = "PROJ", multiline = "NO") :
     Discarded datum WGS_1984 in CRS definition
    Warning in showSRID(SRS_string, format = "PROJ", multiline = "NO") :
     Discarded ellps WGS 84 in CRS definition: +proj=merc +a=6378137 +b=6378137 +lat_ts=0 +lon_0=0 +x_0=0 +y_0=0 +k=1 +units=m +nadgrids=@null +wktext +no_defs
    Warning in showSRID(SRS_string, format = "PROJ", multiline = "NO") :
     Discarded datum WGS_1984 in CRS definition
    Warning in showSRID(SRS_string, format = "PROJ", multiline = "NO") :
     Discarded datum European_Terrestrial_Reference_System_1989 in CRS definition
    Warning in showSRID(SRS_string, format = "PROJ", multiline = "NO") :
     Discarded datum European_Terrestrial_Reference_System_1989 in CRS definition
    Warning in showSRID(SRS_string, format = "PROJ", multiline = "NO") :
     Discarded ellps WGS 84 in CRS definition: +proj=merc +a=6378137 +b=6378137 +lat_ts=0 +lon_0=0 +x_0=0 +y_0=0 +k=1 +units=m +nadgrids=@null +wktext +no_defs
    Warning in showSRID(SRS_string, format = "PROJ", multiline = "NO") :
     Discarded datum WGS_1984 in CRS definition
    Warning in showSRID(SRS_string, format = "PROJ", multiline = "NO") :
     Discarded ellps WGS 84 in CRS definition: +proj=merc +a=6378137 +b=6378137 +lat_ts=0 +lon_0=0 +x_0=0 +y_0=0 +k=1 +units=m +nadgrids=@null +wktext +no_defs
    Warning in showSRID(SRS_string, format = "PROJ", multiline = "NO") :
     Discarded datum WGS_1984 in CRS definition
    Warning in showSRID(SRS_string, format = "PROJ", multiline = "NO") :
     Discarded datum European_Terrestrial_Reference_System_1989 in CRS definition
    Warning in showSRID(SRS_string, format = "PROJ", multiline = "NO") :
     Discarded datum European_Terrestrial_Reference_System_1989 in CRS definition
    Warning in showSRID(SRS_string, format = "PROJ", multiline = "NO") :
     Discarded ellps WGS 84 in CRS definition: +proj=merc +a=6378137 +b=6378137 +lat_ts=0 +lon_0=0 +x_0=0 +y_0=0 +k=1 +units=m +nadgrids=@null +wktext +no_defs
    Warning in showSRID(SRS_string, format = "PROJ", multiline = "NO") :
     Discarded datum WGS_1984 in CRS definition
    Warning in showSRID(SRS_string, format = "PROJ", multiline = "NO") :
     Discarded ellps WGS 84 in CRS definition: +proj=merc +a=6378137 +b=6378137 +lat_ts=0 +lon_0=0 +x_0=0 +y_0=0 +k=1 +units=m +nadgrids=@null +wktext +no_defs
    Warning in showSRID(SRS_string, format = "PROJ", multiline = "NO") :
     Discarded datum WGS_1984 in CRS definition
    Warning in showSRID(SRS_string, format = "PROJ", multiline = "NO") :
     Discarded datum European_Terrestrial_Reference_System_1989 in CRS definition
    Warning in showSRID(SRS_string, format = "PROJ", multiline = "NO") :
     Discarded datum European_Terrestrial_Reference_System_1989 in CRS definition
    Warning in showSRID(SRS_string, format = "PROJ", multiline = "NO") :
     Discarded ellps WGS 84 in CRS definition: +proj=merc +a=6378137 +b=6378137 +lat_ts=0 +lon_0=0 +x_0=0 +y_0=0 +k=1 +units=m +nadgrids=@null +wktext +no_defs
    Warning in showSRID(SRS_string, format = "PROJ", multiline = "NO") :
     Discarded datum WGS_1984 in CRS definition
    Warning in showSRID(SRS_string, format = "PROJ", multiline = "NO") :
     Discarded ellps WGS 84 in CRS definition: +proj=merc +a=6378137 +b=6378137 +lat_ts=0 +lon_0=0 +x_0=0 +y_0=0 +k=1 +units=m +nadgrids=@null +wktext +no_defs
    Warning in showSRID(SRS_string, format = "PROJ", multiline = "NO") :
     Discarded datum WGS_1984 in CRS definition
    Warning in showSRID(SRS_string, format = "PROJ", multiline = "NO") :
     Discarded datum European_Terrestrial_Reference_System_1989 in CRS definition
    Warning in showSRID(SRS_string, format = "PROJ", multiline = "NO") :
     Discarded datum European_Terrestrial_Reference_System_1989 in CRS definition
    Warning in showSRID(SRS_string, format = "PROJ", multiline = "NO") :
     Discarded ellps WGS 84 in CRS definition: +proj=merc +a=6378137 +b=6378137 +lat_ts=0 +lon_0=0 +x_0=0 +y_0=0 +k=1 +units=m +nadgrids=@null +wktext +no_defs
    Warning in showSRID(SRS_string, format = "PROJ", multiline = "NO") :
     Discarded datum WGS_1984 in CRS definition
    Warning in showSRID(SRS_string, format = "PROJ", multiline = "NO") :
     Discarded ellps WGS 84 in CRS definition: +proj=merc +a=6378137 +b=6378137 +lat_ts=0 +lon_0=0 +x_0=0 +y_0=0 +k=1 +units=m +nadgrids=@null +wktext +no_defs
    Warning in showSRID(SRS_string, format = "PROJ", multiline = "NO") :
     Discarded datum WGS_1984 in CRS definition
    Warning in showSRID(SRS_string, format = "PROJ", multiline = "NO") :
     Discarded datum European_Terrestrial_Reference_System_1989 in CRS definition
    Warning in showSRID(SRS_string, format = "PROJ", multiline = "NO") :
     Discarded datum European_Terrestrial_Reference_System_1989 in CRS definition
    Warning in showSRID(SRS_string, format = "PROJ", multiline = "NO") :
     Discarded ellps WGS 84 in CRS definition: +proj=merc +a=6378137 +b=6378137 +lat_ts=0 +lon_0=0 +x_0=0 +y_0=0 +k=1 +units=m +nadgrids=@null +wktext +no_defs
    Warning in showSRID(SRS_string, format = "PROJ", multiline = "NO") :
     Discarded datum WGS_1984 in CRS definition
    Warning in showSRID(SRS_string, format = "PROJ", multiline = "NO") :
     Discarded ellps WGS 84 in CRS definition: +proj=merc +a=6378137 +b=6378137 +lat_ts=0 +lon_0=0 +x_0=0 +y_0=0 +k=1 +units=m +nadgrids=@null +wktext +no_defs
    Warning in showSRID(SRS_string, format = "PROJ", multiline = "NO") :
     Discarded datum WGS_1984 in CRS definition
    Warning in showSRID(SRS_string, format = "PROJ", multiline = "NO") :
     Discarded datum European_Terrestrial_Reference_System_1989 in CRS definition
    Warning in showSRID(SRS_string, format = "PROJ", multiline = "NO") :
     Discarded datum European_Terrestrial_Reference_System_1989 in CRS definition
    Warning in showSRID(SRS_string, format = "PROJ", multiline = "NO") :
     Discarded ellps WGS 84 in CRS definition: +proj=merc +a=6378137 +b=6378137 +lat_ts=0 +lon_0=0 +x_0=0 +y_0=0 +k=1 +units=m +nadgrids=@null +wktext +no_defs
    Warning in showSRID(SRS_string, format = "PROJ", multiline = "NO") :
     Discarded datum WGS_1984 in CRS definition
    Warning in showSRID(SRS_string, format = "PROJ", multiline = "NO") :
     Discarded ellps WGS 84 in CRS definition: +proj=merc +a=6378137 +b=6378137 +lat_ts=0 +lon_0=0 +x_0=0 +y_0=0 +k=1 +units=m +nadgrids=@null +wktext +no_defs
    Warning in showSRID(SRS_string, format = "PROJ", multiline = "NO") :
     Discarded datum WGS_1984 in CRS definition
    Warning in showSRID(SRS_string, format = "PROJ", multiline = "NO") :
     Discarded datum European_Terrestrial_Reference_System_1989 in CRS definition
    Warning in showSRID(SRS_string, format = "PROJ", multiline = "NO") :
     Discarded datum European_Terrestrial_Reference_System_1989 in CRS definition
    Warning in showSRID(SRS_string, format = "PROJ", multiline = "NO") :
     Discarded ellps WGS 84 in CRS definition: +proj=merc +a=6378137 +b=6378137 +lat_ts=0 +lon_0=0 +x_0=0 +y_0=0 +k=1 +units=m +nadgrids=@null +wktext +no_defs
    Warning in showSRID(SRS_string, format = "PROJ", multiline = "NO") :
     Discarded datum WGS_1984 in CRS definition
    Warning in showSRID(SRS_string, format = "PROJ", multiline = "NO") :
     Discarded datum European_Terrestrial_Reference_System_1989 in CRS definition
    Warning in showSRID(SRS_string, format = "PROJ", multiline = "NO") :
     Discarded ellps WGS 84 in CRS definition: +proj=merc +a=6378137 +b=6378137 +lat_ts=0 +lon_0=0 +x_0=0 +y_0=0 +k=1 +units=m +nadgrids=@null +wktext +no_defs
    Warning in showSRID(SRS_string, format = "PROJ", multiline = "NO") :
     Discarded datum WGS_1984 in CRS definition
    Warning in showSRID(SRS_string, format = "PROJ", multiline = "NO") :
     Discarded datum European_Terrestrial_Reference_System_1989 in CRS definition
    Warning in showSRID(SRS_string, format = "PROJ", multiline = "NO") :
     Discarded ellps WGS 84 in CRS definition: +proj=merc +a=6378137 +b=6378137 +lat_ts=0 +lon_0=0 +x_0=0 +y_0=0 +k=1 +units=m +nadgrids=@null +wktext +no_defs
    Warning in showSRID(SRS_string, format = "PROJ", multiline = "NO") :
     Discarded datum WGS_1984 in CRS definition
    Warning in showSRID(SRS_string, format = "PROJ", multiline = "NO") :
     Discarded datum European_Terrestrial_Reference_System_1989 in CRS definition
    Warning in showSRID(SRS_string, format = "PROJ", multiline = "NO") :
     Discarded ellps WGS 84 in CRS definition: +proj=merc +a=6378137 +b=6378137 +lat_ts=0 +lon_0=0 +x_0=0 +y_0=0 +k=1 +units=m +nadgrids=@null +wktext +no_defs
    Warning in showSRID(SRS_string, format = "PROJ", multiline = "NO") :
     Discarded datum WGS_1984 in CRS definition
    Warning in showSRID(SRS_string, format = "PROJ", multiline = "NO") :
     Discarded datum European_Terrestrial_Reference_System_1989 in CRS definition
    --- finished re-building 'PROJ6_GDAL3.Rmd'
    
    --- re-building 'OGR_shape_encoding.Rnw' using Sweave
    Loading required package: sp
    rgdal: version: 1.5-12, (SVN revision 1018)
    Geospatial Data Abstraction Library extensions to R successfully loaded
    Loaded GDAL runtime: GDAL 3.1.1, released 2020/06/22
    Path to GDAL shared files: /usr/share/gdal
    GDAL binary built with GEOS: TRUE
    Loaded PROJ runtime: Rel. 7.1.0, August 1st, 2020, [PJ_VERSION: 710]
    Path to PROJ shared files: /home/hornik/.local/share/proj:/usr/share/proj
    PROJ CDN enabled:FALSE
    Linking to sp version:1.4-2
    To mute warnings of possible GDAL/OSR exportToProj4() degradation,
    use options("rgdal_show_exportToProj4_warnings"="none") before loading rgdal.
    Read 1 item
    --- finished re-building 'OGR_shape_encoding.Rnw'
    
    SUMMARY: processing the following file failed:
     'CRS_projections_transformations.Rmd'
    
    Error: Vignette re-building failed.
    Execution halted
Flavors: r-devel-linux-x86_64-debian-clang, r-patched-linux-x86_64, r-release-linux-x86_64

Version: 1.5-12
Check: re-building of vignette outputs
Result: WARN
    Error(s) in re-building vignettes:
     ...
    --- re-building ‘CRS_projections_transformations.Rmd’ using knitr
    Quitting from lines 36-39 (CRS_projections_transformations.Rmd)
    Error: processing vignette 'CRS_projections_transformations.Rmd' failed with diagnostics:
    cannot open the connection
    --- failed re-building ‘CRS_projections_transformations.Rmd’
    
    --- re-building ‘PROJ6_GDAL3.Rmd’ using knitr
    Warning in showSRID(SRS_string, format = "PROJ", multiline = "NO") :
     Discarded ellps WGS 84 in CRS definition: +proj=merc +a=6378137 +b=6378137 +lat_ts=0 +lon_0=0 +x_0=0 +y_0=0 +k=1 +units=m +nadgrids=@null +wktext +no_defs
    Warning in showSRID(SRS_string, format = "PROJ", multiline = "NO") :
     Discarded datum WGS_1984 in CRS definition
    Warning in showSRID(SRS_string, format = "PROJ", multiline = "NO") :
     Discarded datum European_Terrestrial_Reference_System_1989 in CRS definition
    Warning in showSRID(SRS_string, format = "PROJ", multiline = "NO") :
     Discarded ellps WGS 84 in CRS definition: +proj=merc +a=6378137 +b=6378137 +lat_ts=0 +lon_0=0 +x_0=0 +y_0=0 +k=1 +units=m +nadgrids=@null +wktext +no_defs
    Warning in showSRID(SRS_string, format = "PROJ", multiline = "NO") :
     Discarded datum WGS_1984 in CRS definition
    Warning in showSRID(SRS_string, format = "PROJ", multiline = "NO") :
     Discarded datum European_Terrestrial_Reference_System_1989 in CRS definition
    Warning in showSRID(SRS_string, format = "PROJ", multiline = "NO") :
     Discarded ellps WGS 84 in CRS definition: +proj=merc +a=6378137 +b=6378137 +lat_ts=0 +lon_0=0 +x_0=0 +y_0=0 +k=1 +units=m +nadgrids=@null +wktext +no_defs
    Warning in showSRID(SRS_string, format = "PROJ", multiline = "NO") :
     Discarded datum WGS_1984 in CRS definition
    Warning in showSRID(SRS_string, format = "PROJ", multiline = "NO") :
     Discarded datum European_Terrestrial_Reference_System_1989 in CRS definition
    Warning in showSRID(SRS_string, format = "PROJ", multiline = "NO") :
     Discarded ellps WGS 84 in CRS definition: +proj=merc +a=6378137 +b=6378137 +lat_ts=0 +lon_0=0 +x_0=0 +y_0=0 +k=1 +units=m +nadgrids=@null +wktext +no_defs
    Warning in showSRID(SRS_string, format = "PROJ", multiline = "NO") :
     Discarded datum WGS_1984 in CRS definition
    Warning in showSRID(SRS_string, format = "PROJ", multiline = "NO") :
     Discarded datum European_Terrestrial_Reference_System_1989 in CRS definition
    Warning in showSRID(SRS_string, format = "PROJ", multiline = "NO") :
     Discarded ellps WGS 84 in CRS definition: +proj=merc +a=6378137 +b=6378137 +lat_ts=0 +lon_0=0 +x_0=0 +y_0=0 +k=1 +units=m +nadgrids=@null +wktext +no_defs
    Warning in showSRID(SRS_string, format = "PROJ", multiline = "NO") :
     Discarded datum WGS_1984 in CRS definition
    Warning in showSRID(SRS_string, format = "PROJ", multiline = "NO") :
     Discarded datum European_Terrestrial_Reference_System_1989 in CRS definition
    Warning in showSRID(SRS_string, format = "PROJ", multiline = "NO") :
     Discarded ellps WGS 84 in CRS definition: +proj=merc +a=6378137 +b=6378137 +lat_ts=0 +lon_0=0 +x_0=0 +y_0=0 +k=1 +units=m +nadgrids=@null +wktext +no_defs
    Warning in showSRID(SRS_string, format = "PROJ", multiline = "NO") :
     Discarded datum WGS_1984 in CRS definition
    Warning in showSRID(SRS_string, format = "PROJ", multiline = "NO") :
     Discarded datum European_Terrestrial_Reference_System_1989 in CRS definition
    Warning in showSRID(SRS_string, format = "PROJ", multiline = "NO") :
     Discarded ellps WGS 84 in CRS definition: +proj=merc +a=6378137 +b=6378137 +lat_ts=0 +lon_0=0 +x_0=0 +y_0=0 +k=1 +units=m +nadgrids=@null +wktext +no_defs
    Warning in showSRID(SRS_string, format = "PROJ", multiline = "NO") :
     Discarded datum WGS_1984 in CRS definition
    Warning in showSRID(SRS_string, format = "PROJ", multiline = "NO") :
     Discarded datum European_Terrestrial_Reference_System_1989 in CRS definition
    Warning in showSRID(SRS_string, format = "PROJ", multiline = "NO") :
     Discarded ellps WGS 84 in CRS definition: +proj=merc +a=6378137 +b=6378137 +lat_ts=0 +lon_0=0 +x_0=0 +y_0=0 +k=1 +units=m +nadgrids=@null +wktext +no_defs
    Warning in showSRID(SRS_string, format = "PROJ", multiline = "NO") :
     Discarded datum WGS_1984 in CRS definition
    Warning in showSRID(SRS_string, format = "PROJ", multiline = "NO") :
     Discarded datum European_Terrestrial_Reference_System_1989 in CRS definition
    Warning in showSRID(uprojargs, format = "PROJ", multiline = "NO") :
     Discarded ellps WGS 84 in CRS definition: +proj=merc +a=6378137 +b=6378137 +lat_ts=0 +lon_0=0 +x_0=0 +y_0=0 +k=1 +units=m +nadgrids=@null +wktext +no_defs
    Warning in showSRID(uprojargs, format = "PROJ", multiline = "NO") :
     Discarded datum WGS_1984 in CRS definition
    Warning in showSRID(uprojargs, format = "PROJ", multiline = "NO") :
     Discarded datum European_Terrestrial_Reference_System_1989 in CRS definition
    Warning in showSRID(uprojargs, format = "PROJ", multiline = "NO") :
     Discarded ellps WGS 84 in CRS definition: +proj=merc +a=6378137 +b=6378137 +lat_ts=0 +lon_0=0 +x_0=0 +y_0=0 +k=1 +units=m +nadgrids=@null +wktext +no_defs
    Warning in showSRID(uprojargs, format = "PROJ", multiline = "NO") :
     Discarded datum WGS_1984 in CRS definition
    Warning in showSRID(uprojargs, format = "PROJ", multiline = "NO") :
     Discarded datum European_Terrestrial_Reference_System_1989 in CRS definition
    Warning in showSRID(uprojargs, format = "PROJ", multiline = "NO") :
     Discarded ellps WGS 84 in CRS definition: +proj=merc +a=6378137 +b=6378137 +lat_ts=0 +lon_0=0 +x_0=0 +y_0=0 +k=1 +units=m +nadgrids=@null +wktext +no_defs
    Warning in showSRID(uprojargs, format = "PROJ", multiline = "NO") :
     Discarded datum WGS_1984 in CRS definition
    Warning in showSRID(uprojargs, format = "PROJ", multiline = "NO") :
     Discarded datum European_Terrestrial_Reference_System_1989 in CRS definition
    Warning in showSRID(uprojargs, format = "PROJ", multiline = "NO") :
     Discarded ellps WGS 84 in CRS definition: +proj=merc +a=6378137 +b=6378137 +lat_ts=0 +lon_0=0 +x_0=0 +y_0=0 +k=1 +units=m +nadgrids=@null +wktext +no_defs
    Warning in showSRID(uprojargs, format = "PROJ", multiline = "NO") :
     Discarded datum WGS_1984 in CRS definition
    Warning in showSRID(uprojargs, format = "PROJ", multiline = "NO") :
     Discarded datum European_Terrestrial_Reference_System_1989 in CRS definition
    Warning in showSRID(uprojargs, format = "PROJ", multiline = "NO") :
     Discarded ellps WGS 84 in CRS definition: +proj=merc +a=6378137 +b=6378137 +lat_ts=0 +lon_0=0 +x_0=0 +y_0=0 +k=1 +units=m +nadgrids=@null +wktext +no_defs
    Warning in showSRID(uprojargs, format = "PROJ", multiline = "NO") :
     Discarded datum WGS_1984 in CRS definition
    Warning in showSRID(uprojargs, format = "PROJ", multiline = "NO") :
     Discarded datum European_Terrestrial_Reference_System_1989 in CRS definition
    Warning in showSRID(uprojargs, format = "PROJ", multiline = "NO") :
     Discarded ellps WGS 84 in CRS definition: +proj=merc +a=6378137 +b=6378137 +lat_ts=0 +lon_0=0 +x_0=0 +y_0=0 +k=1 +units=m +nadgrids=@null +wktext +no_defs
    Warning in showSRID(uprojargs, format = "PROJ", multiline = "NO") :
     Discarded datum WGS_1984 in CRS definition
    Warning in showSRID(uprojargs, format = "PROJ", multiline = "NO") :
     Discarded datum European_Terrestrial_Reference_System_1989 in CRS definition
    Warning in showSRID(uprojargs, format = "PROJ", multiline = "NO") :
     Discarded ellps WGS 84 in CRS definition: +proj=merc +a=6378137 +b=6378137 +lat_ts=0 +lon_0=0 +x_0=0 +y_0=0 +k=1 +units=m +nadgrids=@null +wktext +no_defs
    Warning in showSRID(uprojargs, format = "PROJ", multiline = "NO") :
     Discarded datum WGS_1984 in CRS definition
    Warning in showSRID(uprojargs, format = "PROJ", multiline = "NO") :
     Discarded datum European_Terrestrial_Reference_System_1989 in CRS definition
    Warning in showSRID(uprojargs, format = "PROJ", multiline = "NO") :
     Discarded ellps WGS 84 in CRS definition: +proj=merc +a=6378137 +b=6378137 +lat_ts=0 +lon_0=0 +x_0=0 +y_0=0 +k=1 +units=m +nadgrids=@null +wktext +no_defs
    Warning in showSRID(uprojargs, format = "PROJ", multiline = "NO") :
     Discarded datum WGS_1984 in CRS definition
    Warning in showSRID(uprojargs, format = "PROJ", multiline = "NO") :
     Discarded datum European_Terrestrial_Reference_System_1989 in CRS definition
    Warning in showSRID(SRS_string, format = "PROJ", multiline = "NO") :
     Discarded ellps WGS 84 in CRS definition: +proj=merc +a=6378137 +b=6378137 +lat_ts=0 +lon_0=0 +x_0=0 +y_0=0 +k=1 +units=m +nadgrids=@null +wktext +no_defs
    Warning in showSRID(SRS_string, format = "PROJ", multiline = "NO") :
     Discarded datum WGS_1984 in CRS definition
    Warning in showSRID(SRS_string, format = "PROJ", multiline = "NO") :
     Discarded ellps WGS 84 in CRS definition: +proj=merc +a=6378137 +b=6378137 +lat_ts=0 +lon_0=0 +x_0=0 +y_0=0 +k=1 +units=m +nadgrids=@null +wktext +no_defs
    Warning in showSRID(SRS_string, format = "PROJ", multiline = "NO") :
     Discarded datum WGS_1984 in CRS definition
    Warning in showSRID(SRS_string, format = "PROJ", multiline = "NO") :
     Discarded datum European_Terrestrial_Reference_System_1989 in CRS definition
    Warning in showSRID(SRS_string, format = "PROJ", multiline = "NO") :
     Discarded datum European_Terrestrial_Reference_System_1989 in CRS definition
    Warning in showSRID(SRS_string, format = "PROJ", multiline = "NO") :
     Discarded ellps WGS 84 in CRS definition: +proj=merc +a=6378137 +b=6378137 +lat_ts=0 +lon_0=0 +x_0=0 +y_0=0 +k=1 +units=m +nadgrids=@null +wktext +no_defs
    Warning in showSRID(SRS_string, format = "PROJ", multiline = "NO") :
     Discarded datum WGS_1984 in CRS definition
    Warning in showSRID(SRS_string, format = "PROJ", multiline = "NO") :
     Discarded ellps WGS 84 in CRS definition: +proj=merc +a=6378137 +b=6378137 +lat_ts=0 +lon_0=0 +x_0=0 +y_0=0 +k=1 +units=m +nadgrids=@null +wktext +no_defs
    Warning in showSRID(SRS_string, format = "PROJ", multiline = "NO") :
     Discarded datum WGS_1984 in CRS definition
    Warning in showSRID(SRS_string, format = "PROJ", multiline = "NO") :
     Discarded datum European_Terrestrial_Reference_System_1989 in CRS definition
    Warning in showSRID(SRS_string, format = "PROJ", multiline = "NO") :
     Discarded datum European_Terrestrial_Reference_System_1989 in CRS definition
    Warning in showSRID(SRS_string, format = "PROJ", multiline = "NO") :
     Discarded ellps WGS 84 in CRS definition: +proj=merc +a=6378137 +b=6378137 +lat_ts=0 +lon_0=0 +x_0=0 +y_0=0 +k=1 +units=m +nadgrids=@null +wktext +no_defs
    Warning in showSRID(SRS_string, format = "PROJ", multiline = "NO") :
     Discarded datum WGS_1984 in CRS definition
    Warning in showSRID(SRS_string, format = "PROJ", multiline = "NO") :
     Discarded ellps WGS 84 in CRS definition: +proj=merc +a=6378137 +b=6378137 +lat_ts=0 +lon_0=0 +x_0=0 +y_0=0 +k=1 +units=m +nadgrids=@null +wktext +no_defs
    Warning in showSRID(SRS_string, format = "PROJ", multiline = "NO") :
     Discarded datum WGS_1984 in CRS definition
    Warning in showSRID(SRS_string, format = "PROJ", multiline = "NO") :
     Discarded datum European_Terrestrial_Reference_System_1989 in CRS definition
    Warning in showSRID(SRS_string, format = "PROJ", multiline = "NO") :
     Discarded datum European_Terrestrial_Reference_System_1989 in CRS definition
    Warning in showSRID(SRS_string, format = "PROJ", multiline = "NO") :
     Discarded ellps WGS 84 in CRS definition: +proj=merc +a=6378137 +b=6378137 +lat_ts=0 +lon_0=0 +x_0=0 +y_0=0 +k=1 +units=m +nadgrids=@null +wktext +no_defs
    Warning in showSRID(SRS_string, format = "PROJ", multiline = "NO") :
     Discarded datum WGS_1984 in CRS definition
    Warning in showSRID(SRS_string, format = "PROJ", multiline = "NO") :
     Discarded ellps WGS 84 in CRS definition: +proj=merc +a=6378137 +b=6378137 +lat_ts=0 +lon_0=0 +x_0=0 +y_0=0 +k=1 +units=m +nadgrids=@null +wktext +no_defs
    Warning in showSRID(SRS_string, format = "PROJ", multiline = "NO") :
     Discarded datum WGS_1984 in CRS definition
    Warning in showSRID(SRS_string, format = "PROJ", multiline = "NO") :
     Discarded datum European_Terrestrial_Reference_System_1989 in CRS definition
    Warning in showSRID(SRS_string, format = "PROJ", multiline = "NO") :
     Discarded datum European_Terrestrial_Reference_System_1989 in CRS definition
    Warning in showSRID(SRS_string, format = "PROJ", multiline = "NO") :
     Discarded ellps WGS 84 in CRS definition: +proj=merc +a=6378137 +b=6378137 +lat_ts=0 +lon_0=0 +x_0=0 +y_0=0 +k=1 +units=m +nadgrids=@null +wktext +no_defs
    Warning in showSRID(SRS_string, format = "PROJ", multiline = "NO") :
     Discarded datum WGS_1984 in CRS definition
    Warning in showSRID(SRS_string, format = "PROJ", multiline = "NO") :
     Discarded ellps WGS 84 in CRS definition: +proj=merc +a=6378137 +b=6378137 +lat_ts=0 +lon_0=0 +x_0=0 +y_0=0 +k=1 +units=m +nadgrids=@null +wktext +no_defs
    Warning in showSRID(SRS_string, format = "PROJ", multiline = "NO") :
     Discarded datum WGS_1984 in CRS definition
    Warning in showSRID(SRS_string, format = "PROJ", multiline = "NO") :
     Discarded datum European_Terrestrial_Reference_System_1989 in CRS definition
    Warning in showSRID(SRS_string, format = "PROJ", multiline = "NO") :
     Discarded datum European_Terrestrial_Reference_System_1989 in CRS definition
    Warning in showSRID(SRS_string, format = "PROJ", multiline = "NO") :
     Discarded ellps WGS 84 in CRS definition: +proj=merc +a=6378137 +b=6378137 +lat_ts=0 +lon_0=0 +x_0=0 +y_0=0 +k=1 +units=m +nadgrids=@null +wktext +no_defs
    Warning in showSRID(SRS_string, format = "PROJ", multiline = "NO") :
     Discarded datum WGS_1984 in CRS definition
    Warning in showSRID(SRS_string, format = "PROJ", multiline = "NO") :
     Discarded ellps WGS 84 in CRS definition: +proj=merc +a=6378137 +b=6378137 +lat_ts=0 +lon_0=0 +x_0=0 +y_0=0 +k=1 +units=m +nadgrids=@null +wktext +no_defs
    Warning in showSRID(SRS_string, format = "PROJ", multiline = "NO") :
     Discarded datum WGS_1984 in CRS definition
    Warning in showSRID(SRS_string, format = "PROJ", multiline = "NO") :
     Discarded datum European_Terrestrial_Reference_System_1989 in CRS definition
    Warning in showSRID(SRS_string, format = "PROJ", multiline = "NO") :
     Discarded datum European_Terrestrial_Reference_System_1989 in CRS definition
    Warning in showSRID(SRS_string, format = "PROJ", multiline = "NO") :
     Discarded ellps WGS 84 in CRS definition: +proj=merc +a=6378137 +b=6378137 +lat_ts=0 +lon_0=0 +x_0=0 +y_0=0 +k=1 +units=m +nadgrids=@null +wktext +no_defs
    Warning in showSRID(SRS_string, format = "PROJ", multiline = "NO") :
     Discarded datum WGS_1984 in CRS definition
    Warning in showSRID(SRS_string, format = "PROJ", multiline = "NO") :
     Discarded ellps WGS 84 in CRS definition: +proj=merc +a=6378137 +b=6378137 +lat_ts=0 +lon_0=0 +x_0=0 +y_0=0 +k=1 +units=m +nadgrids=@null +wktext +no_defs
    Warning in showSRID(SRS_string, format = "PROJ", multiline = "NO") :
     Discarded datum WGS_1984 in CRS definition
    Warning in showSRID(SRS_string, format = "PROJ", multiline = "NO") :
     Discarded datum European_Terrestrial_Reference_System_1989 in CRS definition
    Warning in showSRID(SRS_string, format = "PROJ", multiline = "NO") :
     Discarded datum European_Terrestrial_Reference_System_1989 in CRS definition
    Warning in showSRID(SRS_string, format = "PROJ", multiline = "NO") :
     Discarded ellps WGS 84 in CRS definition: +proj=merc +a=6378137 +b=6378137 +lat_ts=0 +lon_0=0 +x_0=0 +y_0=0 +k=1 +units=m +nadgrids=@null +wktext +no_defs
    Warning in showSRID(SRS_string, format = "PROJ", multiline = "NO") :
     Discarded datum WGS_1984 in CRS definition
    Warning in showSRID(SRS_string, format = "PROJ", multiline = "NO") :
     Discarded ellps WGS 84 in CRS definition: +proj=merc +a=6378137 +b=6378137 +lat_ts=0 +lon_0=0 +x_0=0 +y_0=0 +k=1 +units=m +nadgrids=@null +wktext +no_defs
    Warning in showSRID(SRS_string, format = "PROJ", multiline = "NO") :
     Discarded datum WGS_1984 in CRS definition
    Warning in showSRID(SRS_string, format = "PROJ", multiline = "NO") :
     Discarded datum European_Terrestrial_Reference_System_1989 in CRS definition
    Warning in showSRID(SRS_string, format = "PROJ", multiline = "NO") :
     Discarded datum European_Terrestrial_Reference_System_1989 in CRS definition
    Warning in showSRID(SRS_string, format = "PROJ", multiline = "NO") :
     Discarded ellps WGS 84 in CRS definition: +proj=merc +a=6378137 +b=6378137 +lat_ts=0 +lon_0=0 +x_0=0 +y_0=0 +k=1 +units=m +nadgrids=@null +wktext +no_defs
    Warning in showSRID(SRS_string, format = "PROJ", multiline = "NO") :
     Discarded datum WGS_1984 in CRS definition
    Warning in showSRID(SRS_string, format = "PROJ", multiline = "NO") :
     Discarded datum European_Terrestrial_Reference_System_1989 in CRS definition
    Warning in showSRID(SRS_string, format = "PROJ", multiline = "NO") :
     Discarded ellps WGS 84 in CRS definition: +proj=merc +a=6378137 +b=6378137 +lat_ts=0 +lon_0=0 +x_0=0 +y_0=0 +k=1 +units=m +nadgrids=@null +wktext +no_defs
    Warning in showSRID(SRS_string, format = "PROJ", multiline = "NO") :
     Discarded datum WGS_1984 in CRS definition
    Warning in showSRID(SRS_string, format = "PROJ", multiline = "NO") :
     Discarded datum European_Terrestrial_Reference_System_1989 in CRS definition
    Warning in showSRID(SRS_string, format = "PROJ", multiline = "NO") :
     Discarded ellps WGS 84 in CRS definition: +proj=merc +a=6378137 +b=6378137 +lat_ts=0 +lon_0=0 +x_0=0 +y_0=0 +k=1 +units=m +nadgrids=@null +wktext +no_defs
    Warning in showSRID(SRS_string, format = "PROJ", multiline = "NO") :
     Discarded datum WGS_1984 in CRS definition
    Warning in showSRID(SRS_string, format = "PROJ", multiline = "NO") :
     Discarded datum European_Terrestrial_Reference_System_1989 in CRS definition
    Warning in showSRID(SRS_string, format = "PROJ", multiline = "NO") :
     Discarded ellps WGS 84 in CRS definition: +proj=merc +a=6378137 +b=6378137 +lat_ts=0 +lon_0=0 +x_0=0 +y_0=0 +k=1 +units=m +nadgrids=@null +wktext +no_defs
    Warning in showSRID(SRS_string, format = "PROJ", multiline = "NO") :
     Discarded datum WGS_1984 in CRS definition
    Warning in showSRID(SRS_string, format = "PROJ", multiline = "NO") :
     Discarded datum European_Terrestrial_Reference_System_1989 in CRS definition
    --- finished re-building ‘PROJ6_GDAL3.Rmd’
    
    --- re-building ‘OGR_shape_encoding.Rnw’ using Sweave
    Loading required package: sp
    rgdal: version: 1.5-12, (SVN revision 1018)
    Geospatial Data Abstraction Library extensions to R successfully loaded
    Loaded GDAL runtime: GDAL 3.1.2, released 2020/07/07
    Path to GDAL shared files: /usr/share/gdal
    GDAL binary built with GEOS: TRUE
    Loaded PROJ runtime: Rel. 7.1.0, August 1st, 2020, [PJ_VERSION: 710]
    Path to PROJ shared files: /home/hornik/.local/share/proj:/usr/share/proj
    PROJ CDN enabled:FALSE
    Linking to sp version:1.4-2
    To mute warnings of possible GDAL/OSR exportToProj4() degradation,
    use options("rgdal_show_exportToProj4_warnings"="none") before loading rgdal.
    Read 1 item
    --- finished re-building ‘OGR_shape_encoding.Rnw’
    
    SUMMARY: processing the following file failed:
     ‘CRS_projections_transformations.Rmd’
    
    Error: Vignette re-building failed.
    Execution halted
Flavor: r-devel-linux-x86_64-debian-gcc

Version: 1.5-12
Check: re-building of vignette outputs
Result: WARN
    Error(s) in re-building vignettes:
    --- re-building ‘CRS_projections_transformations.Rmd’ using knitr
    Quitting from lines 36-39 (CRS_projections_transformations.Rmd)
    Error: processing vignette 'CRS_projections_transformations.Rmd' failed with diagnostics:
    cannot open the connection
    --- failed re-building ‘CRS_projections_transformations.Rmd’
    
    --- re-building ‘PROJ6_GDAL3.Rmd’ using knitr
    Warning in showSRID(SRS_string, format = "PROJ", multiline = "NO") :
     Discarded ellps WGS 84 in CRS definition: +proj=merc +a=6378137 +b=6378137 +lat_ts=0 +lon_0=0 +x_0=0 +y_0=0 +k=1 +units=m +nadgrids=@null +wktext +no_defs
    Warning in showSRID(SRS_string, format = "PROJ", multiline = "NO") :
     Discarded datum WGS_1984 in CRS definition
    Warning in showSRID(SRS_string, format = "PROJ", multiline = "NO") :
     Discarded datum European_Terrestrial_Reference_System_1989 in CRS definition
    Warning in showSRID(SRS_string, format = "PROJ", multiline = "NO") :
     Discarded ellps WGS 84 in CRS definition: +proj=merc +a=6378137 +b=6378137 +lat_ts=0 +lon_0=0 +x_0=0 +y_0=0 +k=1 +units=m +nadgrids=@null +wktext +no_defs
    Warning in showSRID(SRS_string, format = "PROJ", multiline = "NO") :
     Discarded datum WGS_1984 in CRS definition
    Warning in showSRID(SRS_string, format = "PROJ", multiline = "NO") :
     Discarded datum European_Terrestrial_Reference_System_1989 in CRS definition
    Warning in showSRID(SRS_string, format = "PROJ", multiline = "NO") :
     Discarded ellps WGS 84 in CRS definition: +proj=merc +a=6378137 +b=6378137 +lat_ts=0 +lon_0=0 +x_0=0 +y_0=0 +k=1 +units=m +nadgrids=@null +wktext +no_defs
    Warning in showSRID(SRS_string, format = "PROJ", multiline = "NO") :
     Discarded datum WGS_1984 in CRS definition
    Warning in showSRID(SRS_string, format = "PROJ", multiline = "NO") :
     Discarded datum European_Terrestrial_Reference_System_1989 in CRS definition
    Warning in showSRID(SRS_string, format = "PROJ", multiline = "NO") :
     Discarded ellps WGS 84 in CRS definition: +proj=merc +a=6378137 +b=6378137 +lat_ts=0 +lon_0=0 +x_0=0 +y_0=0 +k=1 +units=m +nadgrids=@null +wktext +no_defs
    Warning in showSRID(SRS_string, format = "PROJ", multiline = "NO") :
     Discarded datum WGS_1984 in CRS definition
    Warning in showSRID(SRS_string, format = "PROJ", multiline = "NO") :
     Discarded datum European_Terrestrial_Reference_System_1989 in CRS definition
    Warning in showSRID(SRS_string, format = "PROJ", multiline = "NO") :
     Discarded ellps WGS 84 in CRS definition: +proj=merc +a=6378137 +b=6378137 +lat_ts=0 +lon_0=0 +x_0=0 +y_0=0 +k=1 +units=m +nadgrids=@null +wktext +no_defs
    Warning in showSRID(SRS_string, format = "PROJ", multiline = "NO") :
     Discarded datum WGS_1984 in CRS definition
    Warning in showSRID(SRS_string, format = "PROJ", multiline = "NO") :
     Discarded datum European_Terrestrial_Reference_System_1989 in CRS definition
    Warning in showSRID(SRS_string, format = "PROJ", multiline = "NO") :
     Discarded ellps WGS 84 in CRS definition: +proj=merc +a=6378137 +b=6378137 +lat_ts=0 +lon_0=0 +x_0=0 +y_0=0 +k=1 +units=m +nadgrids=@null +wktext +no_defs
    Warning in showSRID(SRS_string, format = "PROJ", multiline = "NO") :
     Discarded datum WGS_1984 in CRS definition
    Warning in showSRID(SRS_string, format = "PROJ", multiline = "NO") :
     Discarded datum European_Terrestrial_Reference_System_1989 in CRS definition
    Warning in showSRID(SRS_string, format = "PROJ", multiline = "NO") :
     Discarded ellps WGS 84 in CRS definition: +proj=merc +a=6378137 +b=6378137 +lat_ts=0 +lon_0=0 +x_0=0 +y_0=0 +k=1 +units=m +nadgrids=@null +wktext +no_defs
    Warning in showSRID(SRS_string, format = "PROJ", multiline = "NO") :
     Discarded datum WGS_1984 in CRS definition
    Warning in showSRID(SRS_string, format = "PROJ", multiline = "NO") :
     Discarded datum European_Terrestrial_Reference_System_1989 in CRS definition
    Warning in showSRID(SRS_string, format = "PROJ", multiline = "NO") :
     Discarded ellps WGS 84 in CRS definition: +proj=merc +a=6378137 +b=6378137 +lat_ts=0 +lon_0=0 +x_0=0 +y_0=0 +k=1 +units=m +nadgrids=@null +wktext +no_defs
    Warning in showSRID(SRS_string, format = "PROJ", multiline = "NO") :
     Discarded datum WGS_1984 in CRS definition
    Warning in showSRID(SRS_string, format = "PROJ", multiline = "NO") :
     Discarded datum European_Terrestrial_Reference_System_1989 in CRS definition
    Warning in showSRID(uprojargs, format = "PROJ", multiline = "NO") :
     Discarded ellps WGS 84 in CRS definition: +proj=merc +a=6378137 +b=6378137 +lat_ts=0 +lon_0=0 +x_0=0 +y_0=0 +k=1 +units=m +nadgrids=@null +wktext +no_defs
    Warning in showSRID(uprojargs, format = "PROJ", multiline = "NO") :
     Discarded datum WGS_1984 in CRS definition
    Warning in showSRID(uprojargs, format = "PROJ", multiline = "NO") :
     Discarded datum European_Terrestrial_Reference_System_1989 in CRS definition
    Warning in showSRID(uprojargs, format = "PROJ", multiline = "NO") :
     Discarded ellps WGS 84 in CRS definition: +proj=merc +a=6378137 +b=6378137 +lat_ts=0 +lon_0=0 +x_0=0 +y_0=0 +k=1 +units=m +nadgrids=@null +wktext +no_defs
    Warning in showSRID(uprojargs, format = "PROJ", multiline = "NO") :
     Discarded datum WGS_1984 in CRS definition
    Warning in showSRID(uprojargs, format = "PROJ", multiline = "NO") :
     Discarded datum European_Terrestrial_Reference_System_1989 in CRS definition
    Warning in showSRID(uprojargs, format = "PROJ", multiline = "NO") :
     Discarded ellps WGS 84 in CRS definition: +proj=merc +a=6378137 +b=6378137 +lat_ts=0 +lon_0=0 +x_0=0 +y_0=0 +k=1 +units=m +nadgrids=@null +wktext +no_defs
    Warning in showSRID(uprojargs, format = "PROJ", multiline = "NO") :
     Discarded datum WGS_1984 in CRS definition
    Warning in showSRID(uprojargs, format = "PROJ", multiline = "NO") :
     Discarded datum European_Terrestrial_Reference_System_1989 in CRS definition
    Warning in showSRID(uprojargs, format = "PROJ", multiline = "NO") :
     Discarded ellps WGS 84 in CRS definition: +proj=merc +a=6378137 +b=6378137 +lat_ts=0 +lon_0=0 +x_0=0 +y_0=0 +k=1 +units=m +nadgrids=@null +wktext +no_defs
    Warning in showSRID(uprojargs, format = "PROJ", multiline = "NO") :
     Discarded datum WGS_1984 in CRS definition
    Warning in showSRID(uprojargs, format = "PROJ", multiline = "NO") :
     Discarded datum European_Terrestrial_Reference_System_1989 in CRS definition
    Warning in showSRID(uprojargs, format = "PROJ", multiline = "NO") :
     Discarded ellps WGS 84 in CRS definition: +proj=merc +a=6378137 +b=6378137 +lat_ts=0 +lon_0=0 +x_0=0 +y_0=0 +k=1 +units=m +nadgrids=@null +wktext +no_defs
    Warning in showSRID(uprojargs, format = "PROJ", multiline = "NO") :
     Discarded datum WGS_1984 in CRS definition
    Warning in showSRID(uprojargs, format = "PROJ", multiline = "NO") :
     Discarded datum European_Terrestrial_Reference_System_1989 in CRS definition
    Warning in showSRID(uprojargs, format = "PROJ", multiline = "NO") :
     Discarded ellps WGS 84 in CRS definition: +proj=merc +a=6378137 +b=6378137 +lat_ts=0 +lon_0=0 +x_0=0 +y_0=0 +k=1 +units=m +nadgrids=@null +wktext +no_defs
    Warning in showSRID(uprojargs, format = "PROJ", multiline = "NO") :
     Discarded datum WGS_1984 in CRS definition
    Warning in showSRID(uprojargs, format = "PROJ", multiline = "NO") :
     Discarded datum European_Terrestrial_Reference_System_1989 in CRS definition
    Warning in showSRID(uprojargs, format = "PROJ", multiline = "NO") :
     Discarded ellps WGS 84 in CRS definition: +proj=merc +a=6378137 +b=6378137 +lat_ts=0 +lon_0=0 +x_0=0 +y_0=0 +k=1 +units=m +nadgrids=@null +wktext +no_defs
    Warning in showSRID(uprojargs, format = "PROJ", multiline = "NO") :
     Discarded datum WGS_1984 in CRS definition
    Warning in showSRID(uprojargs, format = "PROJ", multiline = "NO") :
     Discarded datum European_Terrestrial_Reference_System_1989 in CRS definition
    Warning in showSRID(uprojargs, format = "PROJ", multiline = "NO") :
     Discarded ellps WGS 84 in CRS definition: +proj=merc +a=6378137 +b=6378137 +lat_ts=0 +lon_0=0 +x_0=0 +y_0=0 +k=1 +units=m +nadgrids=@null +wktext +no_defs
    Warning in showSRID(uprojargs, format = "PROJ", multiline = "NO") :
     Discarded datum WGS_1984 in CRS definition
    Warning in showSRID(uprojargs, format = "PROJ", multiline = "NO") :
     Discarded datum European_Terrestrial_Reference_System_1989 in CRS definition
    Warning in showSRID(SRS_string, format = "PROJ", multiline = "NO") :
     Discarded ellps WGS 84 in CRS definition: +proj=merc +a=6378137 +b=6378137 +lat_ts=0 +lon_0=0 +x_0=0 +y_0=0 +k=1 +units=m +nadgrids=@null +wktext +no_defs
    Warning in showSRID(SRS_string, format = "PROJ", multiline = "NO") :
     Discarded datum WGS_1984 in CRS definition
    Warning in showSRID(SRS_string, format = "PROJ", multiline = "NO") :
     Discarded ellps WGS 84 in CRS definition: +proj=merc +a=6378137 +b=6378137 +lat_ts=0 +lon_0=0 +x_0=0 +y_0=0 +k=1 +units=m +nadgrids=@null +wktext +no_defs
    Warning in showSRID(SRS_string, format = "PROJ", multiline = "NO") :
     Discarded datum WGS_1984 in CRS definition
    Warning in showSRID(SRS_string, format = "PROJ", multiline = "NO") :
     Discarded datum European_Terrestrial_Reference_System_1989 in CRS definition
    Warning in showSRID(SRS_string, format = "PROJ", multiline = "NO") :
     Discarded datum European_Terrestrial_Reference_System_1989 in CRS definition
    Warning in showSRID(SRS_string, format = "PROJ", multiline = "NO") :
     Discarded ellps WGS 84 in CRS definition: +proj=merc +a=6378137 +b=6378137 +lat_ts=0 +lon_0=0 +x_0=0 +y_0=0 +k=1 +units=m +nadgrids=@null +wktext +no_defs
    Warning in showSRID(SRS_string, format = "PROJ", multiline = "NO") :
     Discarded datum WGS_1984 in CRS definition
    Warning in showSRID(SRS_string, format = "PROJ", multiline = "NO") :
     Discarded ellps WGS 84 in CRS definition: +proj=merc +a=6378137 +b=6378137 +lat_ts=0 +lon_0=0 +x_0=0 +y_0=0 +k=1 +units=m +nadgrids=@null +wktext +no_defs
    Warning in showSRID(SRS_string, format = "PROJ", multiline = "NO") :
     Discarded datum WGS_1984 in CRS definition
    Warning in showSRID(SRS_string, format = "PROJ", multiline = "NO") :
     Discarded datum European_Terrestrial_Reference_System_1989 in CRS definition
    Warning in showSRID(SRS_string, format = "PROJ", multiline = "NO") :
     Discarded datum European_Terrestrial_Reference_System_1989 in CRS definition
    Warning in showSRID(SRS_string, format = "PROJ", multiline = "NO") :
     Discarded ellps WGS 84 in CRS definition: +proj=merc +a=6378137 +b=6378137 +lat_ts=0 +lon_0=0 +x_0=0 +y_0=0 +k=1 +units=m +nadgrids=@null +wktext +no_defs
    Warning in showSRID(SRS_string, format = "PROJ", multiline = "NO") :
     Discarded datum WGS_1984 in CRS definition
    Warning in showSRID(SRS_string, format = "PROJ", multiline = "NO") :
     Discarded ellps WGS 84 in CRS definition: +proj=merc +a=6378137 +b=6378137 +lat_ts=0 +lon_0=0 +x_0=0 +y_0=0 +k=1 +units=m +nadgrids=@null +wktext +no_defs
    Warning in showSRID(SRS_string, format = "PROJ", multiline = "NO") :
     Discarded datum WGS_1984 in CRS definition
    Warning in showSRID(SRS_string, format = "PROJ", multiline = "NO") :
     Discarded datum European_Terrestrial_Reference_System_1989 in CRS definition
    Warning in showSRID(SRS_string, format = "PROJ", multiline = "NO") :
     Discarded datum European_Terrestrial_Reference_System_1989 in CRS definition
    Warning in showSRID(SRS_string, format = "PROJ", multiline = "NO") :
     Discarded ellps WGS 84 in CRS definition: +proj=merc +a=6378137 +b=6378137 +lat_ts=0 +lon_0=0 +x_0=0 +y_0=0 +k=1 +units=m +nadgrids=@null +wktext +no_defs
    Warning in showSRID(SRS_string, format = "PROJ", multiline = "NO") :
     Discarded datum WGS_1984 in CRS definition
    Warning in showSRID(SRS_string, format = "PROJ", multiline = "NO") :
     Discarded ellps WGS 84 in CRS definition: +proj=merc +a=6378137 +b=6378137 +lat_ts=0 +lon_0=0 +x_0=0 +y_0=0 +k=1 +units=m +nadgrids=@null +wktext +no_defs
    Warning in showSRID(SRS_string, format = "PROJ", multiline = "NO") :
     Discarded datum WGS_1984 in CRS definition
    Warning in showSRID(SRS_string, format = "PROJ", multiline = "NO") :
     Discarded datum European_Terrestrial_Reference_System_1989 in CRS definition
    Warning in showSRID(SRS_string, format = "PROJ", multiline = "NO") :
     Discarded datum European_Terrestrial_Reference_System_1989 in CRS definition
    Warning in showSRID(SRS_string, format = "PROJ", multiline = "NO") :
     Discarded ellps WGS 84 in CRS definition: +proj=merc +a=6378137 +b=6378137 +lat_ts=0 +lon_0=0 +x_0=0 +y_0=0 +k=1 +units=m +nadgrids=@null +wktext +no_defs
    Warning in showSRID(SRS_string, format = "PROJ", multiline = "NO") :
     Discarded datum WGS_1984 in CRS definition
    Warning in showSRID(SRS_string, format = "PROJ", multiline = "NO") :
     Discarded ellps WGS 84 in CRS definition: +proj=merc +a=6378137 +b=6378137 +lat_ts=0 +lon_0=0 +x_0=0 +y_0=0 +k=1 +units=m +nadgrids=@null +wktext +no_defs
    Warning in showSRID(SRS_string, format = "PROJ", multiline = "NO") :
     Discarded datum WGS_1984 in CRS definition
    Warning in showSRID(SRS_string, format = "PROJ", multiline = "NO") :
     Discarded datum European_Terrestrial_Reference_System_1989 in CRS definition
    Warning in showSRID(SRS_string, format = "PROJ", multiline = "NO") :
     Discarded datum European_Terrestrial_Reference_System_1989 in CRS definition
    Warning in showSRID(SRS_string, format = "PROJ", multiline = "NO") :
     Discarded ellps WGS 84 in CRS definition: +proj=merc +a=6378137 +b=6378137 +lat_ts=0 +lon_0=0 +x_0=0 +y_0=0 +k=1 +units=m +nadgrids=@null +wktext +no_defs
    Warning in showSRID(SRS_string, format = "PROJ", multiline = "NO") :
     Discarded datum WGS_1984 in CRS definition
    Warning in showSRID(SRS_string, format = "PROJ", multiline = "NO") :
     Discarded ellps WGS 84 in CRS definition: +proj=merc +a=6378137 +b=6378137 +lat_ts=0 +lon_0=0 +x_0=0 +y_0=0 +k=1 +units=m +nadgrids=@null +wktext +no_defs
    Warning in showSRID(SRS_string, format = "PROJ", multiline = "NO") :
     Discarded datum WGS_1984 in CRS definition
    Warning in showSRID(SRS_string, format = "PROJ", multiline = "NO") :
     Discarded datum European_Terrestrial_Reference_System_1989 in CRS definition
    Warning in showSRID(SRS_string, format = "PROJ", multiline = "NO") :
     Discarded datum European_Terrestrial_Reference_System_1989 in CRS definition
    Warning in showSRID(SRS_string, format = "PROJ", multiline = "NO") :
     Discarded ellps WGS 84 in CRS definition: +proj=merc +a=6378137 +b=6378137 +lat_ts=0 +lon_0=0 +x_0=0 +y_0=0 +k=1 +units=m +nadgrids=@null +wktext +no_defs
    Warning in showSRID(SRS_string, format = "PROJ", multiline = "NO") :
     Discarded datum WGS_1984 in CRS definition
    Warning in showSRID(SRS_string, format = "PROJ", multiline = "NO") :
     Discarded ellps WGS 84 in CRS definition: +proj=merc +a=6378137 +b=6378137 +lat_ts=0 +lon_0=0 +x_0=0 +y_0=0 +k=1 +units=m +nadgrids=@null +wktext +no_defs
    Warning in showSRID(SRS_string, format = "PROJ", multiline = "NO") :
     Discarded datum WGS_1984 in CRS definition
    Warning in showSRID(SRS_string, format = "PROJ", multiline = "NO") :
     Discarded datum European_Terrestrial_Reference_System_1989 in CRS definition
    Warning in showSRID(SRS_string, format = "PROJ", multiline = "NO") :
     Discarded datum European_Terrestrial_Reference_System_1989 in CRS definition
    Warning in showSRID(SRS_string, format = "PROJ", multiline = "NO") :
     Discarded ellps WGS 84 in CRS definition: +proj=merc +a=6378137 +b=6378137 +lat_ts=0 +lon_0=0 +x_0=0 +y_0=0 +k=1 +units=m +nadgrids=@null +wktext +no_defs
    Warning in showSRID(SRS_string, format = "PROJ", multiline = "NO") :
     Discarded datum WGS_1984 in CRS definition
    Warning in showSRID(SRS_string, format = "PROJ", multiline = "NO") :
     Discarded ellps WGS 84 in CRS definition: +proj=merc +a=6378137 +b=6378137 +lat_ts=0 +lon_0=0 +x_0=0 +y_0=0 +k=1 +units=m +nadgrids=@null +wktext +no_defs
    Warning in showSRID(SRS_string, format = "PROJ", multiline = "NO") :
     Discarded datum WGS_1984 in CRS definition
    Warning in showSRID(SRS_string, format = "PROJ", multiline = "NO") :
     Discarded datum European_Terrestrial_Reference_System_1989 in CRS definition
    Warning in showSRID(SRS_string, format = "PROJ", multiline = "NO") :
     Discarded datum European_Terrestrial_Reference_System_1989 in CRS definition
    Warning in showSRID(SRS_string, format = "PROJ", multiline = "NO") :
     Discarded ellps WGS 84 in CRS definition: +proj=merc +a=6378137 +b=6378137 +lat_ts=0 +lon_0=0 +x_0=0 +y_0=0 +k=1 +units=m +nadgrids=@null +wktext +no_defs
    Warning in showSRID(SRS_string, format = "PROJ", multiline = "NO") :
     Discarded datum WGS_1984 in CRS definition
    Warning in showSRID(SRS_string, format = "PROJ", multiline = "NO") :
     Discarded datum European_Terrestrial_Reference_System_1989 in CRS definition
    Warning in showSRID(SRS_string, format = "PROJ", multiline = "NO") :
     Discarded ellps WGS 84 in CRS definition: +proj=merc +a=6378137 +b=6378137 +lat_ts=0 +lon_0=0 +x_0=0 +y_0=0 +k=1 +units=m +nadgrids=@null +wktext +no_defs
    Warning in showSRID(SRS_string, format = "PROJ", multiline = "NO") :
     Discarded datum WGS_1984 in CRS definition
    Warning in showSRID(SRS_string, format = "PROJ", multiline = "NO") :
     Discarded datum European_Terrestrial_Reference_System_1989 in CRS definition
    Warning in showSRID(SRS_string, format = "PROJ", multiline = "NO") :
     Discarded ellps WGS 84 in CRS definition: +proj=merc +a=6378137 +b=6378137 +lat_ts=0 +lon_0=0 +x_0=0 +y_0=0 +k=1 +units=m +nadgrids=@null +wktext +no_defs
    Warning in showSRID(SRS_string, format = "PROJ", multiline = "NO") :
     Discarded datum WGS_1984 in CRS definition
    Warning in showSRID(SRS_string, format = "PROJ", multiline = "NO") :
     Discarded datum European_Terrestrial_Reference_System_1989 in CRS definition
    Warning in showSRID(SRS_string, format = "PROJ", multiline = "NO") :
     Discarded ellps WGS 84 in CRS definition: +proj=merc +a=6378137 +b=6378137 +lat_ts=0 +lon_0=0 +x_0=0 +y_0=0 +k=1 +units=m +nadgrids=@null +wktext +no_defs
    Warning in showSRID(SRS_string, format = "PROJ", multiline = "NO") :
     Discarded datum WGS_1984 in CRS definition
    Warning in showSRID(SRS_string, format = "PROJ", multiline = "NO") :
     Discarded datum European_Terrestrial_Reference_System_1989 in CRS definition
    --- finished re-building ‘PROJ6_GDAL3.Rmd’
    
    --- re-building ‘OGR_shape_encoding.Rnw’ using Sweave
    Loading required package: sp
    rgdal: version: 1.5-12, (SVN revision 1018)
    Geospatial Data Abstraction Library extensions to R successfully loaded
    Loaded GDAL runtime: GDAL 3.0.4, released 2020/01/28
    Path to GDAL shared files: /usr/share/gdal
    GDAL binary built with GEOS: TRUE
    Loaded PROJ runtime: Rel. 6.3.2, May 1st, 2020, [PJ_VERSION: 632]
    Path to PROJ shared files: /usr/share/proj
    Linking to sp version:1.4-2
    To mute warnings of possible GDAL/OSR exportToProj4() degradation,
    use options("rgdal_show_exportToProj4_warnings"="none") before loading rgdal.
    Read 1 item
    --- finished re-building ‘OGR_shape_encoding.Rnw’
    
    SUMMARY: processing the following file failed:
     ‘CRS_projections_transformations.Rmd’
    
    Error: Vignette re-building failed.
    Execution halted
Flavors: r-devel-linux-x86_64-fedora-clang, r-devel-linux-x86_64-fedora-gcc

Version: 1.5-12
Check: installed package size
Result: NOTE
     installed size is 92.3Mb
     sub-directories of 1Mb or more:
     doc 1.0Mb
     gdal 2.1Mb
     libs 80.3Mb
     pictures 1.3Mb
     proj 6.0Mb
Flavors: r-devel-windows-ix86+x86_64, r-release-windows-ix86+x86_64, r-oldrel-macos-x86_64, r-oldrel-windows-ix86+x86_64

Version: 1.5-12
Check: re-building of vignette outputs
Result: WARN
    Error(s) in re-building vignettes:
     ...
    --- re-building ‘CRS_projections_transformations.Rmd’ using knitr
    Quitting from lines 36-39 (CRS_projections_transformations.Rmd)
    Error: processing vignette 'CRS_projections_transformations.Rmd' failed with diagnostics:
    cannot open the connection
    --- failed re-building ‘CRS_projections_transformations.Rmd’
    
    --- re-building ‘PROJ6_GDAL3.Rmd’ using knitr
    --- finished re-building ‘PROJ6_GDAL3.Rmd’
    
    --- re-building ‘OGR_shape_encoding.Rnw’ using Sweave
    Loading required package: sp
    rgdal: version: 1.5-12, (SVN revision 1018)
    Geospatial Data Abstraction Library extensions to R successfully loaded
    Loaded GDAL runtime: GDAL 2.2.4, released 2018/03/19
    Path to GDAL shared files: /usr/local/share/gdal
    GDAL binary built with GEOS: TRUE
    Loaded PROJ runtime: Rel. 5.2.0, September 15th, 2018, [PJ_VERSION: 520]
    Path to PROJ shared files: (autodetected)
    Linking to sp version:1.4-2
    Read 1 item
    --- finished re-building ‘OGR_shape_encoding.Rnw’
    
    SUMMARY: processing the following file failed:
     ‘CRS_projections_transformations.Rmd’
    
    Error: Vignette re-building failed.
    Execution halted
Flavor: r-patched-solaris-x86

Version: 1.5-12
Check: re-building of vignette outputs
Result: NOTE
    Error(s) in re-building vignettes:
    --- re-building ‘CRS_projections_transformations.Rmd’ using knitr
    Quitting from lines 36-39 (CRS_projections_transformations.Rmd)
    Error: processing vignette 'CRS_projections_transformations.Rmd' failed with diagnostics:
    cannot open the connection
    --- failed re-building ‘CRS_projections_transformations.Rmd’
    
    --- re-building ‘PROJ6_GDAL3.Rmd’ using knitr
    --- finished re-building ‘PROJ6_GDAL3.Rmd’
    
    --- re-building ‘OGR_shape_encoding.Rnw’ using Sweave
    Loading required package: sp
    rgdal: version: 1.5-12, (SVN revision 1018)
    Geospatial Data Abstraction Library extensions to R successfully loaded
    Loaded GDAL runtime: GDAL 2.4.2, released 2019/06/28
    Path to GDAL shared files: /usr/local/share/gdal
    GDAL binary built with GEOS: FALSE
    Loaded PROJ runtime: Rel. 5.2.0, September 15th, 2018, [PJ_VERSION: 520]
    Path to PROJ shared files: (autodetected)
    Linking to sp version:1.4-2
    Read 1 item
    --- finished re-building ‘OGR_shape_encoding.Rnw’
    
    SUMMARY: processing the following file failed:
     ‘CRS_projections_transformations.Rmd’
    
    Error: Vignette re-building failed.
    Execution halted
Flavor: r-oldrel-macos-x86_64