CRAN Package Check Results for Package revtools

Last updated on 2022-08-07 15:55:59 CEST.

Flavor Version Tinstall Tcheck Ttotal Status Flags
r-devel-linux-x86_64-debian-clang 0.4.1 16.85 105.33 122.18 NOTE
r-devel-linux-x86_64-debian-gcc 0.4.1 10.19 76.55 86.74 NOTE
r-devel-linux-x86_64-fedora-clang 0.4.1 149.67 NOTE
r-devel-linux-x86_64-fedora-gcc 0.4.1 145.59 NOTE
r-devel-windows-x86_64 0.4.1 44.00 126.00 170.00 NOTE
r-patched-linux-x86_64 0.4.1 8.41 96.54 104.95 NOTE
r-release-linux-x86_64 0.4.1 8.97 97.96 106.93 NOTE
r-release-macos-arm64 0.4.1 38.00 NOTE
r-release-macos-x86_64 0.4.1 66.00 NOTE
r-release-windows-x86_64 0.4.1 41.00 126.00 167.00 NOTE
r-oldrel-macos-arm64 0.4.1 47.00 NOTE
r-oldrel-macos-x86_64 0.4.1 75.00 NOTE
r-oldrel-windows-ix86+x86_64 0.4.1 42.00 120.00 162.00 NOTE

Check Details

Version: 0.4.1
Check: LazyData
Result: NOTE
     'LazyData' is specified without a 'data' directory
Flavors: r-devel-linux-x86_64-debian-clang, r-devel-linux-x86_64-debian-gcc, r-devel-linux-x86_64-fedora-clang, r-devel-linux-x86_64-fedora-gcc, r-devel-windows-x86_64, r-patched-linux-x86_64, r-release-linux-x86_64, r-release-macos-arm64, r-release-macos-x86_64, r-release-windows-x86_64, r-oldrel-macos-arm64, r-oldrel-macos-x86_64, r-oldrel-windows-ix86+x86_64