CRAN Package Check Results for Package revtools

Last updated on 2024-06-14 03:57:33 CEST.

Flavor Version Tinstall Tcheck Ttotal Status Flags
r-devel-linux-x86_64-debian-clang 0.4.1 16.12 97.45 113.57 NOTE
r-devel-linux-x86_64-debian-gcc 0.4.1 0.34 1.74 2.08 ERROR
r-devel-linux-x86_64-fedora-clang 0.4.1 143.95 NOTE
r-devel-linux-x86_64-fedora-gcc 0.4.1 131.15 NOTE
r-devel-windows-x86_64 0.4.1 12.00 94.00 106.00 NOTE
r-patched-linux-x86_64 0.4.1 14.99 94.90 109.89 NOTE
r-release-linux-x86_64 0.4.1 7.92 94.97 102.89 NOTE
r-release-macos-arm64 0.4.1 40.00 NOTE
r-release-macos-x86_64 0.4.1 57.00 NOTE
r-release-windows-x86_64 0.4.1 12.00 94.00 106.00 NOTE
r-oldrel-macos-arm64 0.4.1 40.00 NOTE
r-oldrel-macos-x86_64 0.4.1 67.00 NOTE
r-oldrel-windows-x86_64 0.4.1 16.00 108.00 124.00 NOTE

Check Details

Version: 0.4.1
Check: LazyData
Result: NOTE 'LazyData' is specified without a 'data' directory Flavors: r-devel-linux-x86_64-debian-clang, r-devel-linux-x86_64-fedora-clang, r-devel-linux-x86_64-fedora-gcc, r-devel-windows-x86_64, r-patched-linux-x86_64, r-release-linux-x86_64, r-release-macos-arm64, r-release-macos-x86_64, r-release-windows-x86_64, r-oldrel-macos-arm64, r-oldrel-macos-x86_64, r-oldrel-windows-x86_64

Version: 0.4.1
Check: package dependencies
Result: ERROR Package required but not available: ‘plotly’ See section ‘The DESCRIPTION file’ in the ‘Writing R Extensions’ manual. Flavor: r-devel-linux-x86_64-debian-gcc