CRAN Package Check Results for Package revengc

Last updated on 2022-09-24 15:55:29 CEST.

Flavor Version Tinstall Tcheck Ttotal Status Flags
r-devel-linux-x86_64-debian-clang 1.0.4 9.37 83.57 92.94 NOTE
r-devel-linux-x86_64-debian-gcc 1.0.4 7.13 62.50 69.63 NOTE
r-devel-linux-x86_64-fedora-clang 1.0.4 129.61 NOTE
r-devel-linux-x86_64-fedora-gcc 1.0.4 119.03 NOTE
r-devel-windows-x86_64 1.0.4 17.00 127.00 144.00 NOTE
r-patched-linux-x86_64 1.0.4 8.19 78.65 86.84 OK
r-release-linux-x86_64 1.0.4 8.20 78.47 86.67 OK
r-release-macos-arm64 1.0.4 30.00 OK
r-release-macos-x86_64 1.0.4 64.00 OK
r-release-windows-x86_64 1.0.4 17.00 125.00 142.00 OK
r-oldrel-macos-arm64 1.0.4 42.00 OK
r-oldrel-macos-x86_64 1.0.4 60.00 OK
r-oldrel-windows-ix86+x86_64 1.0.4 20.00 110.00 130.00 OK

Check Details

Version: 1.0.4
Check: Rd files
Result: NOTE
    checkRd: (-1) rec.Rd:23: Escaped LaTeX specials: \$
Flavors: r-devel-linux-x86_64-debian-clang, r-devel-linux-x86_64-debian-gcc, r-devel-linux-x86_64-fedora-clang, r-devel-linux-x86_64-fedora-gcc, r-devel-windows-x86_64